{"id":101,"date":"2021-06-20T12:31:31","date_gmt":"2021-06-20T10:31:31","guid":{"rendered":"https:\/\/www.fmiptc.com\/?page_id=101"},"modified":"2021-07-31T18:37:31","modified_gmt":"2021-07-31T16:37:31","slug":"notre-regard","status":"publish","type":"page","link":"https:\/\/www.fmiptc.com\/?page_id=101","title":{"rendered":"Notre regard"},"content":{"rendered":"\n<h1 class=\"has-text-align-center wp-block-heading\">Notre d\u00e9marche p\u00e9dagogique<\/h1>\n\n\n\n<h3 class=\"has-text-align-center wp-block-heading\"><img loading=\"lazy\" decoding=\"async\" src=\"https:\/\/www.fmiptc.com\/images\/pntch\/yak.jpg\" width=\"216\" height=\"114\"><\/h3>\n\n\n\n<p>Issue de nos diverses exp\u00e9riences, souvent douloureuses en <a href=\"https:\/\/www.fmiptc.com\/?page_id=95\">Tai Chi Chuan<\/a>, ou le mythe de l&rsquo;enseignement sans paroles sert souvent de b\u00e9quilles \u00e0 l&rsquo;ignorance et ou l&rsquo;\u00e9nerg\u00e9tique de comptoir fait souvent office de succ\u00e9dan\u00e9 de savoir, nous avons recherch\u00e9 un moyen de recevoir, comprendre et transmettre ou les connaissances p\u00e9dagogiques actuelles et notre champ de compr\u00e9hension occidental s&rsquo;int\u00e8grent de mani\u00e8re dynamique et harmonieuses<\/p>\n\n\n\n<h3 class=\"wp-block-heading\"><img loading=\"lazy\" decoding=\"async\" src=\"https:\/\/www.fmiptc.com\/images\/pntch\/pap01.gif\" width=\"157\" height=\"120\"><\/h3>\n\n\n\n<p>Entre notre na\u00efvet\u00e9 d&rsquo;apprenant (car il est bien difficile d&rsquo;\u00e9valuer ce que nous ne connaissons pas encore) et les manipulations dont nous pouvons \u00eatre l&rsquo;objet (besoins personnels ou du groupe de l&rsquo;enseignant, identifications et pouvoirs de toutes sortes, erreurs et insuffisances de la transmission), le cheminement de celui qui veut progresser est sem\u00e9 d&#8217;embuches, bien des arbres de l&rsquo;illusion cachent la for\u00eat des connaissances.La qualit\u00e9 p\u00e9dagogique peut permettre ce regard qui nous am\u00e8ne \u00e0 apprendre pour nous m\u00eames et non pour les besoins de l&rsquo;enseignant&#8230;<\/p>\n\n\n\n<p><strong><em>Au del\u00e0 de notre na\u00efvet\u00e9<\/em><\/strong><\/p>\n\n\n\n<figure class=\"wp-block-image is-resized\"><img loading=\"lazy\" decoding=\"async\" src=\"https:\/\/www.fmiptc.com\/images\/arttcc\/orchis.jpg\" alt=\"\" width=\"307\" height=\"300\"\/><\/figure>\n\n\n\n<p>Nous avons longtemps cru, un peu na\u00efvement il faut bien le dire, que les pratiques \u00e9tranges venues d&rsquo;ailleurs, que ce soit le yoga, le tai chi, les chi cong et bien d&rsquo;autres encore, allaient <strong>nous apporter par leur simple ex\u00e9cution <\/strong>les bienfaits sugg\u00e9r\u00e9s par les philosophies et les sagesses que nous envions dans les pays de leur origine. Un simple regard sur ce qui se passe en Chine aurait du nous mettre la puce \u00e0 l&rsquo;oreille et nous rappeler que ces pratiques n&rsquo;\u00e9taient pas un gage assur\u00e9 ni de sant\u00e9 ni de richesse int\u00e9rieure.<\/p>\n\n\n\n<p><\/p>\n\n\n\n<p><strong><em>Les vrais faux apprentissages<\/em><\/strong><br><em><a href=\"https:\/\/www.fmiptc.com\/index.php?option=com_content&amp;view=article&amp;id=59&amp;Itemid=155\"><\/a><\/em>Si s&rsquo;occuper de soi est bien souvent un premier pas vers le mieux \u00eatre, beaucoup de ces pratiques nous apportent dans leurs d\u00e9buts une distance par rapport \u00e0 notre quotidien et une mobilisation de nous m\u00eames tr\u00e8s positives. Parfois cependant, dans un second temps, nous sommes oblig\u00e9s de constater que, en dehors de ces am\u00e9liorations qui nous attirent, bien des syst\u00e8mes qui nous d\u00e9passent sont mis en route et, loin de nous ouvrir \u00e0 la maturit\u00e9 et \u00e0 l&rsquo;autonomie, nous enferment dans des univers infantiles ou inaccessibles quand ils ne sont pas commerciaux et ruineux. Bien des gens ont abandonn\u00e9 une activit\u00e9 au bout de deux trois ans, la limite perceptible des contenus devenant trop visible par rapport \u00e0 leur r\u00e9elle demande: est-ce inexorable?<\/p>\n\n\n\n<h3 class=\"wp-block-heading\"><img loading=\"lazy\" decoding=\"async\" src=\"https:\/\/www.fmiptc.com\/images\/liv\/thou.jpg\" width=\"62\" height=\"81\"><\/h3>\n\n\n\n<p><strong>Soumission \u00e0 des ma\u00eetres<\/strong> tous puissants, dont duret\u00e9 ou gentillesse n&rsquo;ont rien \u00e0 voir avec l&#8217;emprise,<strong> soumissions \u00e0 des savoirs<\/strong> que nous pourrions partager mais dont les clefs nous sont masqu\u00e9es ou vendues \u00e0 prix d&rsquo;or, la soci\u00e9t\u00e9 moderne n&rsquo;a rien \u00e0 envier \u00e0 la soci\u00e9t\u00e9 moyen-\u00e2geuse dans son pouvoir de manipulation. Voici pour illustrer mon propos une petite liste d&rsquo;exemples, non exhaustive, de ces privil\u00e8ges empoisonn\u00e9s distill\u00e9s au quotidien:<\/p>\n\n\n\n<ul class=\"wp-block-list\"><li><strong>Les \u00ab\u00a0secrets\u00a0\u00bb <\/strong>(qui n&rsquo;en sont pas) susurr\u00e9s au compte goutte et surtout pas chez les autres<\/li><li><strong>Les \u00ab\u00a0myst\u00e8res \u00e9nerg\u00e9tiques\u00a0\u00bb <\/strong>(banalit\u00e9s rendues myst\u00e9rieuses par le jargon)que l&rsquo;on comprendra un jour mais imperceptibles par le commun dont vous ne ferez plus partie&#8230;<\/li><li><strong>Les \u00ab\u00a0mots chinois\u00a0\u00bb<\/strong> dont on prend bien garde de ne pas donner les clefs de traduction et de compr\u00e9hension (pour en conserver le pouvoir d&rsquo;illusion),<\/li><li>Les <strong>\u00ab\u00a0c&rsquo;est ainsi que cela se fait\u00a0\u00bb<\/strong> sans explication autre que l&rsquo;ignorance de celui qui prescrit,<\/li><li>La <strong>r\u00e9p\u00e9tition comme principe d&rsquo;apprentissage <\/strong>comme le \u00ab\u00a0par c\u0153ur\u00a0\u00bb scolaire&#8230;<\/li><li>Le <strong>mythe d&rsquo;un enseignement sans paroles<\/strong> pour ceux qui n&rsquo;ont rien \u00e0 dire&#8230;<\/li><\/ul>\n\n\n\n<h3 class=\"wp-block-heading\"><img decoding=\"async\" src=\"https:\/\/www.fmiptc.com\/images\/pntch\/lotus.jpg\" width=\"100\"><br>Cette r\u00e9flexion nous a amen\u00e9 \u00e0 consid\u00e9rer qu&rsquo;il \u00e9tait primordial, quelle que soit la pratique corporelle envisag\u00e9e, que tous les moyens soient pris par les enseignants, et toutes les conditions propos\u00e9es aux apprenants, pour que leur d\u00e9couverte d&rsquo;une technique ne se fasse pas \u00e0 l&rsquo;inverse de ce qui est souhait\u00e9, c&rsquo;est \u00e0 dire pas par une soumission \u00e0 la technique au prix de la v\u00e9ritable compr\u00e9hension d&rsquo;eux m\u00eames mais par une acquisition de perceptions et de regards leur ouvrant d&rsquo;authentiques moyens d&rsquo;\u00e9laboration de leur recherche.<\/h3>\n\n\n\n<p><strong><em>la p\u00e9dagogie est un regard<\/em><\/strong><\/p>\n\n\n\n<h3 class=\"wp-block-heading\"><img loading=\"lazy\" decoding=\"async\" src=\"https:\/\/www.fmiptc.com\/images\/arttcc\/ctao.gif\" width=\"187\" height=\"304\"><\/h3>\n\n\n\n<p>Pour certains, la p\u00e9dagogie est un assemblage de multiples trucs et artifices de communication permettant \u00e0 l&rsquo;\u00e9l\u00e8ve d&rsquo;enregistrer les modifications d\u00e9sir\u00e9es par le professeur. Si effectivement, cette vision est propice au clonage plus ou moins r\u00e9ussi, elle ne r\u00e9pond pas aux exigences de d\u00e9veloppement des capacit\u00e9s et richesses propres d&rsquo;une personne.<\/p>\n\n\n\n<p>Notre objectif a \u00e9t\u00e9 et est donc de mettre en place <strong>des m\u00e9thodes p\u00e9dagogiques et des outils de compr\u00e9hension <\/strong>permettant de donner \u00e0 chacun les moyens autonomes de construction de la <strong>transmission et de l&rsquo;autonomie<\/strong>. C&rsquo;est un objectif enthousiasmant, mais qui brille plus par son int\u00e9r\u00eat que par ses facilit\u00e9s et ses rapidit\u00e9s. Ce ne peut \u00eatre un apprentissage commercial de masse qui sert souvent de justificatif \u00e0 bien des d\u00e9viations: on ne peut proposer la m\u00eame quantit\u00e9\/qualit\u00e9 d&rsquo;alimentation en grande surface et en chez un producteur attentif: l&#8217;emballage seul fait illusion un moment.<\/p>\n\n\n\n<p>Nos apprentissages ant\u00e9rieurs dans les domaines corporels sont, pour la plupart des personnes qui abordent ces exp\u00e9riences, extr\u00eamement limit\u00e9s. Nos <strong>connaissances dans les domaines de l&rsquo;anatomie, de la physiologie, de l&rsquo;\u00e9nerg\u00e9tique, <\/strong>pourtant n\u00e9cessaires non seulement \u00e0 l&rsquo;enseignement, mais aussi \u00e0 l&rsquo;apprentissage, sont tr\u00e8s superficielles, quant elles ne sont pas franchement erron\u00e9es.<\/p>\n\n\n\n<p>Les activit\u00e9s d&rsquo;origine culturelle \u00e9trang\u00e8res sont encore plus facilement la cible des charlatans et illusionnistes du nouvel \u00e2ge, \u00e9nerg\u00e9ticiens du vent des r\u00eaves, les r\u00e9f\u00e9rences des personnes y venant \u00e9tant si l\u00e9g\u00e8res et celles ci \u00e9tant perm\u00e9ables \u00e0 toutes les promesses faute de rep\u00e8res. Il convient donc aussi de <strong>donner les bases n\u00e9cessaires et de transcrire <\/strong>dans des repr\u00e9sentations coh\u00e9rentes et int\u00e9grables par tous les \u00e9l\u00e9ments de connaissance n\u00e9cessaires pour que les apprentissages deviennent conscients et non sing\u00e9s. Les p\u00e9dagogies des pratiques corporelles et personnelles ont donc souvent trouv\u00e9 des limites dans leur caract\u00e8re scolaire et r\u00e9p\u00e9titif. Les approches plus formatrices, plus autonomisantes mettent en jeu tous les outils techniques ou cr\u00e9atifs dont nous disposons\u2026 Strat\u00e9gies d\u2019apprentissage, connaissances et repr\u00e9sentations anatomiques et \u00e9nerg\u00e9tiques sont mises au service de <strong>v\u00e9ritables acquisitions au rythme et besoin de chaque pratiquant<\/strong><\/p>\n\n\n\n<p><img loading=\"lazy\" decoding=\"async\" src=\"https:\/\/www.fmiptc.com\/images\/arttcc\/ctaois.gif\" width=\"200\" height=\"108\"><br>La p\u00e9dagogie est un exercice que le Tai Chi Chuan aiguise au plus haut point.. Tai Chi et Chi Cong sont des pratiques qui prennent leur sources dans une culture si diff\u00e9rente de la n\u00f4tre que nous ne pouvons les int\u00e9rioriser et en faire une d\u00e9marche de d\u00e9veloppement des personnes sans une r\u00e9flexion importante sur les codes imaginaires et les modes de transmission. Alors, nous pouvons \u00e0 la fois profiter de ces richesses mais aussi revisiter nos connaissances \u00e0 travers ce regard. Il nous permet d\u2019observer les relations au corps et \u00e0 l\u2019autre d\u2019une mani\u00e8re neuve.<\/p>\n\n\n\n<p><img loading=\"lazy\" decoding=\"async\" src=\"https:\/\/www.fmiptc.com\/images\/pntch\/arbroc.gif\" width=\"111\" height=\"108\"><br>L\u2019\u00e9tranget\u00e9 apparente de cette approche offre peu de prise aux habitudes qui emp\u00eachent nos progr\u00e8s. C\u2019est l\u00e0 que le cheminement p\u00e9dagogique prend toute sa place. Il apprend \u00e0 nous guider dans un langage qui n\u2019est pas le n\u00f4tre. Il permet \u00e0 chacun de se re-construire, de se d\u00e9-tendre autant par la pratique (aspect physique), que par la compr\u00e9hension du sens (aspect mental) et des relations propos\u00e9es (aspect \u00e9motionnel) que n\u00e9cessitent les apprentissages.<\/p>\n\n\n\n<p>La <a href=\"http:\/\/www.efpm-form.com\/contenu.htm\" target=\"_blank\" rel=\"noreferrer noopener\">d\u00e9marche p\u00e9dagogique<\/a> claire et accessible \u00e0 tous offre aussi \u00e0 tous les professionnels (m\u00e9decins, kin\u00e9s, ost\u00e9os et tous praticiens corporels ou \u00e9nerg\u00e9ticiens\u2026,la possibilit\u00e9 de relier et de mettre en \u0153uvre dans leur quotidien leurs acquis personnels.<\/p>\n","protected":false},"excerpt":{"rendered":"<p>Notre d\u00e9marche p\u00e9dagogique Issue de nos diverses exp\u00e9riences, souvent douloureuses en Tai Chi Chuan, ou le mythe de l&rsquo;enseignement sans paroles sert souvent de b\u00e9quilles \u00e0 l&rsquo;ignorance et ou l&rsquo;\u00e9nerg\u00e9tique de comptoir fait souvent office de succ\u00e9dan\u00e9 de savoir, nous avons recherch\u00e9 un moyen de recevoir, comprendre et transmettre ou les connaissances p\u00e9dagogiques actuelles et &hellip; <\/p>\n<p class=\"link-more\"><a href=\"https:\/\/www.fmiptc.com\/?page_id=101\" class=\"more-link\">Continuer la lecture<span class=\"screen-reader-text\"> de &laquo;&nbsp;Notre regard&nbsp;&raquo;<\/span><\/a><\/p>\n","protected":false},"author":1,"featured_media":0,"parent":0,"menu_order":0,"comment_status":"closed","ping_status":"closed","template":"","meta":{"footnotes":""},"class_list":["post-101","page","type-page","status-publish","hentry"],"_links":{"self":[{"href":"https:\/\/www.fmiptc.com\/index.php?rest_route=\/wp\/v2\/pages\/101","targetHints":{"allow":["GET"]}}],"collection":[{"href":"https:\/\/www.fmiptc.com\/index.php?rest_route=\/wp\/v2\/pages"}],"about":[{"href":"https:\/\/www.fmiptc.com\/index.php?rest_route=\/wp\/v2\/types\/page"}],"author":[{"embeddable":true,"href":"https:\/\/www.fmiptc.com\/index.php?rest_route=\/wp\/v2\/users\/1"}],"replies":[{"embeddable":true,"href":"https:\/\/www.fmiptc.com\/index.php?rest_route=%2Fwp%2Fv2%2Fcomments&post=101"}],"version-history":[{"count":6,"href":"https:\/\/www.fmiptc.com\/index.php?rest_route=\/wp\/v2\/pages\/101\/revisions"}],"predecessor-version":[{"id":510,"href":"https:\/\/www.fmiptc.com\/index.php?rest_route=\/wp\/v2\/pages\/101\/revisions\/510"}],"wp:attachment":[{"href":"https:\/\/www.fmiptc.com\/index.php?rest_route=%2Fwp%2Fv2%2Fmedia&parent=101"}],"curies":[{"name":"wp","href":"https:\/\/api.w.org\/{rel}","templated":true}]}}