{"id":102,"date":"2021-06-20T12:31:31","date_gmt":"2021-06-20T10:31:31","guid":{"rendered":"https:\/\/www.fmiptc.com\/?page_id=102"},"modified":"2025-02-16T18:21:39","modified_gmt":"2025-02-16T17:21:39","slug":"ecole-de-formation","status":"publish","type":"page","link":"https:\/\/www.fmiptc.com\/?page_id=102","title":{"rendered":"\u00c9cole de formation"},"content":{"rendered":"\t\t<div data-elementor-type=\"wp-page\" data-elementor-id=\"102\" class=\"elementor elementor-102\">\n\t\t\t\t\t\t\t\t\t<section class=\"elementor-section elementor-top-section elementor-element elementor-element-140e0dc9 elementor-section-boxed elementor-section-height-default elementor-section-height-default\" data-id=\"140e0dc9\" data-element_type=\"section\">\n\t\t\t\t\t\t<div class=\"elementor-container elementor-column-gap-default\">\n\t\t\t\t\t<div class=\"elementor-column elementor-col-100 elementor-top-column elementor-element elementor-element-2050dd7f\" data-id=\"2050dd7f\" data-element_type=\"column\">\n\t\t\t<div class=\"elementor-widget-wrap elementor-element-populated\">\n\t\t\t\t\t\t\t\t<div class=\"elementor-element elementor-element-555ab0fa elementor-widget elementor-widget-text-editor\" data-id=\"555ab0fa\" data-element_type=\"widget\" data-widget_type=\"text-editor.default\">\n\t\t\t\t<div class=\"elementor-widget-container\">\n\t\t\t<style>\/*! elementor - v3.14.0 - 26-06-2023 *\/\n.elementor-widget-text-editor.elementor-drop-cap-view-stacked .elementor-drop-cap{background-color:#69727d;color:#fff}.elementor-widget-text-editor.elementor-drop-cap-view-framed .elementor-drop-cap{color:#69727d;border:3px solid;background-color:transparent}.elementor-widget-text-editor:not(.elementor-drop-cap-view-default) .elementor-drop-cap{margin-top:8px}.elementor-widget-text-editor:not(.elementor-drop-cap-view-default) .elementor-drop-cap-letter{width:1em;height:1em}.elementor-widget-text-editor .elementor-drop-cap{float:left;text-align:center;line-height:1;font-size:50px}.elementor-widget-text-editor .elementor-drop-cap-letter{display:inline-block}<\/style>\t\t\t\t<p><!-- wp:heading {\"level\":1} --><\/p>\n<h1 class=\"wp-block-heading\">L&rsquo;\u00e9cole de formation \u00e0 la p\u00e9dagogie du mouvement<\/h1>\n<p><!-- \/wp:heading --><!-- wp:paragraph --><\/p>\n<p>C&rsquo;est l&rsquo;association de formation de la f\u00e9d\u00e9ration des mouvements ind\u00e9pendants de p\u00e9dagogie des techniques corporelles<\/p>\n<p><!-- \/wp:paragraph --><!-- wp:image {\"width\":224,\"height\":129,\"align\":\"center\"} --><\/p>\n<figure class=\"wp-block-image aligncenter is-resized\"><img decoding=\"async\" style=\"width: 224px; height: 129px;\" src=\"https:\/\/www.fmiptc.com\/images\/logos\/log%20efpm.gif\" alt=\"\" \/><\/figure>\n<p><!-- \/wp:image --><!-- wp:heading --><\/p>\n<h2 class=\"wp-block-heading\">L\u2019 <a href=\"http:\/\/www.efpm-form.com\/\">EFPM <\/a>propose un regard nouveau sur les apprentissages corporels<br \/>et leurs cons\u00e9quences sur la personne \u00e0 travers les apports infiniment riches du Tai Chi Chuan.<\/h2>\n<p><!-- \/wp:heading --><!-- wp:paragraph --><\/p>\n<p>Pour nous, le Tai Chi Chuan n\u2019est pas une fin en soi, mouvement id\u00e9alis\u00e9 dont la simple r\u00e9p\u00e9tition nous transformerait en tous ce que nous r\u00eavons de devenir\u2026 Il est plus que cela: un outil de r\u00e9f\u00e9rence pour la compr\u00e9hension de nos tensions, de nos limites, de la mani\u00e8re dont nous accueillons et int\u00e9riorisons le monde. Au cours du <a href=\"http:\/\/efpm-form.com\/cursus.htm\">cursus<\/a>, nous nous attachons \u00e0 donner parall\u00e8lement les moyens d\u2019acquisition personnels des clefs de la perception et ceux n\u00e9cessaires \u00e0 leur transmission.<\/p>\n<p><!-- \/wp:paragraph --><!-- wp:columns --><\/p>\n<div class=\"wp-block-columns\">\n<p><!-- wp:column {\"width\":\"50%\"} --><\/p>\n<div class=\"wp-block-column\" style=\"flex-basis: 50%;\">\n<p><!-- wp:image {\"sizeSlug\":\"large\"} --><\/p>\n<figure class=\"wp-block-image size-large\"><img decoding=\"async\" src=\"https:\/\/www.fmiptc.com\/images\/pdf\/efpmcurs.jpg\" alt=\"\" \/><\/figure>\n<p><!-- \/wp:image --><\/p>\n<\/div>\n<p><!-- \/wp:column --><!-- wp:column {\"width\":\"50%\"} --><\/p>\n<div class=\"wp-block-column\" style=\"flex-basis: 50%;\">\n<p><!-- wp:paragraph --><\/p>\n<p>La premi\u00e8re \u00e9tape (une ann\u00e9e) est le \u00ab <a href=\"http:\/\/www.efpm-form.com\/dates.htm\">tronc commun<\/a> \u00bb, permettant \u00e0 chacun de faire le bilan de ses acquis et de ses besoins. Il repr\u00e9sente la biblioth\u00e8que de tous les mondes explor\u00e9s par la suite\u2026<\/p>\n<p>Tout le cursus y est expos\u00e9, \u00e0 livre ouvert, sur son contenu comme sur ses modalit\u00e9s. C&rsquo;est l\u2019introduction.<\/p>\n<p><!-- \/wp:paragraph --><!-- wp:image {\"align\":\"center\"} --><\/p>\n<figure class=\"wp-block-image aligncenter\"><img decoding=\"async\" src=\"https:\/\/www.fmiptc.com\/images\/pntch\/pont32.jpg\" alt=\"\" \/><\/figure>\n<p><!-- \/wp:image --><!-- wp:paragraph --><\/p>\n<p>Dans les modules suivants, s\u2019approfondit le vrai travail int\u00e9rieur. A chaque stage est donn\u00e9 un outil sp\u00e9cifique permettant de se repr\u00e9senter, d\u2019apprendre et d\u2019enseigner un aspect interne.<\/p>\n<p>Ainsi, c\u2019est au niveau des principes, dans un souci d\u2019autonomie et d\u2019\u00e9cologie de chacun, que nous \u00e9tudions les m\u00e9canismes, r\u00e9sistances, possibilit\u00e9s et ouvertures des mouvements de la personne.<\/p>\n<p><!-- \/wp:paragraph --><!-- wp:image {\"width\":123,\"height\":128,\"align\":\"center\"} --><\/p>\n<figure class=\"wp-block-image aligncenter is-resized\"><img decoding=\"async\" style=\"width: 123px; height: 128px;\" src=\"https:\/\/www.fmiptc.com\/images\/logos\/prat5.jpg\" alt=\"\" \/><\/figure>\n<p><!-- \/wp:image --><\/p>\n<\/div>\n<p><!-- \/wp:column --><\/p>\n<\/div>\n<p><!-- \/wp:columns --><!-- wp:paragraph --><\/p>\n<p>La seconde \u00e9tape comporte deux cadres \u00e0 r\u00e9aliser en alternance ou en fonction des besoins (3 modules de 4 stages chacun). Ils traitent de la mani\u00e8re dont nous recevons la pesanteur et les \u00e9changes avec le monde ext\u00e9rieur (martialit\u00e9, respiration) au travers de deux aspects embl\u00e9matiques de nos adaptations, les rythmes int\u00e9rieurs et la structure osseuse, et de leurs cons\u00e9quences sur le mouvement.<\/p>\n<p>C\u2019est un premier niveau de capacit\u00e9 valid\u00e9.<\/p>\n<p><!-- \/wp:paragraph --><!-- wp:image {\"align\":\"center\"} --><\/p>\n<figure class=\"wp-block-image aligncenter\"><img decoding=\"async\" src=\"https:\/\/www.fmiptc.com\/images\/articles.jpg\" alt=\"\" \/><\/figure>\n<p><!-- \/wp:image --><!-- wp:paragraph --><\/p>\n<p>La troisi\u00e8me \u00e9tape comporte les deux cadres suivants (3 modules de 4 stages chacun). Ils d\u00e9veloppent notre mani\u00e8re d\u2019aller vers le monde \u00e0 partir de nos axes int\u00e9rieurs et de nos capacit\u00e9s internes de mise en mouvement et d\u2019expression. C\u2019est la qu\u00eate d\u2019un \u00ab non agir \u00bb efficace.<\/p>\n<p>C\u2019est le second niveau de capacit\u00e9 valid\u00e9.<\/p>\n<p><!-- \/wp:paragraph --><!-- wp:image {\"align\":\"center\"} --><\/p>\n<figure class=\"wp-block-image aligncenter\"><img decoding=\"async\" src=\"https:\/\/www.fmiptc.com\/images\/pastarchives.jpg\" alt=\"\" \/><\/figure>\n<p><!-- \/wp:image --><!-- wp:paragraph --><\/p>\n<p>Plusieurs autres domaines sont ouverts \u00e0 tous au cours du cheminement g\u00e9n\u00e9ral, parall\u00e8lement aux autres modules. Ce sont des mati\u00e8res o\u00f9 une connaissance sp\u00e9cifique est \u00e0 acqu\u00e9rir. Dans ces domaines aussi, le regard sera concret et ancr\u00e9 dans une exp\u00e9rience corporelle.<\/p>\n<p><!-- \/wp:paragraph --><!-- wp:list --><\/p>\n<ul class=\"wp-block-list\">\n<li style=\"list-style-type: none;\">\n<ul class=\"wp-block-list\"><!-- wp:list-item --><\/ul>\n<\/li>\n<\/ul>\n<p>\u00a0<\/p>\n<ul class=\"wp-block-list\">\n<li style=\"list-style-type: none;\">\n<ul class=\"wp-block-list\">\n<li>tui shou<\/li>\n<\/ul>\n<\/li>\n<\/ul>\n<p><!-- \/wp:list-item --><!-- wp:list-item --><\/p>\n<ul class=\"wp-block-list\">\n<li style=\"list-style-type: none;\">\n<ul class=\"wp-block-list\">\n<li>Chi Cong<\/li>\n<\/ul>\n<\/li>\n<\/ul>\n<p><!-- \/wp:list-item --><!-- wp:list-item --><\/p>\n<ul class=\"wp-block-list\">\n<li style=\"list-style-type: none;\">\n<ul class=\"wp-block-list\">\n<li>p\u00e9dagogie pure<\/li>\n<\/ul>\n<\/li>\n<\/ul>\n<p><!-- \/wp:list-item --><!-- wp:list-item --><\/p>\n<ul class=\"wp-block-list\">\n<li style=\"list-style-type: none;\">\n<ul class=\"wp-block-list\">\n<li>\u00e9nerg\u00e9tique<\/li>\n<\/ul>\n<\/li>\n<\/ul>\n<p><!-- \/wp:list-item --><\/p>\n<p><!-- \/wp:list --><!-- wp:image {\"width\":160,\"height\":70,\"align\":\"center\"} --><\/p>\n<figure class=\"wp-block-image aligncenter is-resized\"><img decoding=\"async\" style=\"width: 160px; height: 70px;\" src=\"https:\/\/www.fmiptc.com\/images\/pntch\/boeufcla.gif\" alt=\"\" \/><\/figure>\n<p><!-- \/wp:image --><!-- wp:paragraph --><\/p>\n<p>Un Cursus ouvert \u00e0 tous les pratiquants, quelque soit leur \u00e9cole d\u2019origine, connaissant les 108 mouvements d\u2019une forme Yang support du cheminement p\u00e9dagogique Un Cursus concret vous donnant possibilit\u00e9 d\u2019apprendre \u00e0 voir, \u00e9valuer et comprendre les dynamismes fondamentaux de la personne tant d\u2019un point de vue externe (r\u00e9sultat formel et martial) qu\u2019internes (construction et souffle), D\u2019acqu\u00e9rir et exp\u00e9rimenter une multitude d\u2019outils originaux vous permettant d\u2019accompagner leur transformation, D\u2019augmenter votre sensibilit\u00e9 \u00e0 l\u2019\u00e9coute et au contact de l\u2019autre.<\/p>\n<p>Un Cursus complet vous proposant d\u2019int\u00e9grer en les vivant int\u00e9rieurement les \u00e9l\u00e9ments anatomiques, physiologiques et \u00e9nerg\u00e9tiques indispensables \u00e0 un p\u00e9dagogue corporel De vous donner les moyens de la gestion consciente des groupes et des relations p\u00e9dagogiques avec les apprenants. Un cursus valid\u00e9 par des dipl\u00f4mes internes sur les trois \u00e9tapes, vous permettant d\u2019attester d\u2019une formation de qualit\u00e9 et, \u00e9ventuellement d\u2019int\u00e9grer <a href=\"http:\/\/www.efpm-form.com\/equipe.htm\">l\u2019\u00e9quipe p\u00e9dagogique de l\u2019\u00e9cole.<\/a><\/p>\n<p><!-- \/wp:paragraph --><!-- wp:paragraph --><\/p>\n<p>Les membres de l\u2019\u00e9quipe, outre leurs divers dipl\u00f4mes et formations ant\u00e9rieures, sont tous form\u00e9s en permanence au cursus commun et contribuent au collectif p\u00e9dagogique assurant ainsi la coh\u00e9rence et la vitalit\u00e9 des enseignements. L\u2019ind\u00e9pendance vis \u00e0 vis des \u00e9coles nous assure la tranquillit\u00e9 et la pertinence des choix p\u00e9dagogiques, l\u2019ouverture \u00e0 tous les apports, la circulation des connaissances et du plaisir de la pratique et de l\u2019enseignement\u2026.<\/p>\n<p><!-- \/wp:paragraph --><!-- wp:heading {\"level\":1} --><\/p>\n<h1 class=\"wp-block-heading\">Formation d&rsquo;enseignant \u00e0 l&rsquo;EFPM<\/h1>\n<p><!-- \/wp:heading --><!-- wp:paragraph --><\/p>\n<p>\u00a0L&rsquo;\u00e9quipe p\u00e9dagogique a aussi pour objectif la formation d&rsquo;enseignants du cursus de l&rsquo;\u00e9cole&#8230;<br \/>\u00a0\u00a0\u00a0\u00a0 Ceci se fait en 3 \u00e9tapes permettant d&rsquo;acqu\u00e9rir les aptitudes n\u00e9cessaires:<\/p>\n<p>\u00a0\u00a0\u00a0 participation \u00e0 un module du cursus \u00ab\u00a0pour son apprentissage propre\u00a0\u00bb<br \/>\u00a0\u00a0\u00a0 puis y revenir (pour un outil ou plus) une fois en tant qu&rsquo;observateur,<br \/>\u00a0\u00a0\u00a0 puis une nouvelle fois en co-animateur supervis\u00e9<\/p>\n<p>\u00a0\u00a0\u00a0 et si cela convient \u00e0 tous, l&rsquo;enseignement de l&rsquo;outil concern\u00e9 dans l&rsquo;\u00e9cole devient possible.<\/p>\n<p><!-- \/wp:paragraph --><!-- wp:paragraph --><\/p>\n<p>\u00a0\u00a0\u00a0 La participation aux stages en tant que formateur apprenant est gratuite,<br \/>\u00a0\u00a0\u00a0 les frais connexes (transport\/h\u00e9bergement) peuvent \u00eatre subvention\u00e9s par la f\u00e9d\u00e9ration.<\/p>\n<p><!-- \/wp:paragraph --><!-- wp:paragraph --><\/p>\n<p>\u00a0\u00a0\u00a0 renseignez vous sur les outils \u00ab\u00a0disponibles\u00a0\u00bb \u00e0 la formation!association<\/p>\n<p><!-- \/wp:paragraph --><!-- wp:paragraph --><\/p>\n<p><!-- \/wp:paragraph --><!-- wp:paragraph --><\/p>\n<p><!-- \/wp:paragraph --><!-- wp:paragraph --><\/p>\n<p><!-- \/wp:paragraph --><\/p>\t\t\t\t\t\t<\/div>\n\t\t\t\t<\/div>\n\t\t\t\t\t<\/div>\n\t\t<\/div>\n\t\t\t\t\t\t\t<\/div>\n\t\t<\/section>\n\t\t\t\t\t\t\t<\/div>\n\t\t","protected":false},"excerpt":{"rendered":"<p>L&rsquo;\u00e9cole de formation \u00e0 la p\u00e9dagogie du mouvement C&rsquo;est l&rsquo;association de formation de la f\u00e9d\u00e9ration des mouvements ind\u00e9pendants de p\u00e9dagogie des techniques corporelles L\u2019 EFPM propose un regard nouveau sur les apprentissages corporelset leurs cons\u00e9quences sur la personne \u00e0 travers les apports infiniment riches du Tai Chi Chuan. Pour nous, le Tai Chi Chuan n\u2019est &hellip; <\/p>\n<p class=\"link-more\"><a href=\"https:\/\/www.fmiptc.com\/?page_id=102\" class=\"more-link\">Continuer la lecture<span class=\"screen-reader-text\"> de &laquo;&nbsp;\u00c9cole de formation&nbsp;&raquo;<\/span><\/a><\/p>\n","protected":false},"author":1,"featured_media":0,"parent":0,"menu_order":0,"comment_status":"closed","ping_status":"closed","template":"","meta":{"footnotes":""},"class_list":["post-102","page","type-page","status-publish","hentry"],"_links":{"self":[{"href":"https:\/\/www.fmiptc.com\/index.php?rest_route=\/wp\/v2\/pages\/102","targetHints":{"allow":["GET"]}}],"collection":[{"href":"https:\/\/www.fmiptc.com\/index.php?rest_route=\/wp\/v2\/pages"}],"about":[{"href":"https:\/\/www.fmiptc.com\/index.php?rest_route=\/wp\/v2\/types\/page"}],"author":[{"embeddable":true,"href":"https:\/\/www.fmiptc.com\/index.php?rest_route=\/wp\/v2\/users\/1"}],"replies":[{"embeddable":true,"href":"https:\/\/www.fmiptc.com\/index.php?rest_route=%2Fwp%2Fv2%2Fcomments&post=102"}],"version-history":[{"count":12,"href":"https:\/\/www.fmiptc.com\/index.php?rest_route=\/wp\/v2\/pages\/102\/revisions"}],"predecessor-version":[{"id":2266,"href":"https:\/\/www.fmiptc.com\/index.php?rest_route=\/wp\/v2\/pages\/102\/revisions\/2266"}],"wp:attachment":[{"href":"https:\/\/www.fmiptc.com\/index.php?rest_route=%2Fwp%2Fv2%2Fmedia&parent=102"}],"curies":[{"name":"wp","href":"https:\/\/api.w.org\/{rel}","templated":true}]}}