{"id":114,"date":"2021-06-20T12:31:31","date_gmt":"2021-06-20T10:31:31","guid":{"rendered":"https:\/\/www.fmiptc.com\/?page_id=114"},"modified":"2025-07-31T09:29:43","modified_gmt":"2025-07-31T07:29:43","slug":"autres-stages","status":"publish","type":"page","link":"https:\/\/www.fmiptc.com\/?page_id=114","title":{"rendered":"Autres stages"},"content":{"rendered":"\t\t<div data-elementor-type=\"wp-page\" data-elementor-id=\"114\" class=\"elementor elementor-114\">\n\t\t\t\t\t\t\t\t\t<section class=\"elementor-section elementor-top-section elementor-element elementor-element-6c77b8be elementor-section-boxed elementor-section-height-default elementor-section-height-default\" data-id=\"6c77b8be\" data-element_type=\"section\">\n\t\t\t\t\t\t<div class=\"elementor-container elementor-column-gap-default\">\n\t\t\t\t\t<div class=\"elementor-column elementor-col-100 elementor-top-column elementor-element elementor-element-27cc2a0\" data-id=\"27cc2a0\" data-element_type=\"column\">\n\t\t\t<div class=\"elementor-widget-wrap elementor-element-populated\">\n\t\t\t\t\t\t\t\t<div class=\"elementor-element elementor-element-154a361 elementor-widget elementor-widget-text-editor\" data-id=\"154a361\" data-element_type=\"widget\" data-widget_type=\"text-editor.default\">\n\t\t\t\t<div class=\"elementor-widget-container\">\n\t\t\t<style>\/*! elementor - v3.14.0 - 26-06-2023 *\/\n.elementor-widget-text-editor.elementor-drop-cap-view-stacked .elementor-drop-cap{background-color:#69727d;color:#fff}.elementor-widget-text-editor.elementor-drop-cap-view-framed .elementor-drop-cap{color:#69727d;border:3px solid;background-color:transparent}.elementor-widget-text-editor:not(.elementor-drop-cap-view-default) .elementor-drop-cap{margin-top:8px}.elementor-widget-text-editor:not(.elementor-drop-cap-view-default) .elementor-drop-cap-letter{width:1em;height:1em}.elementor-widget-text-editor .elementor-drop-cap{float:left;text-align:center;line-height:1;font-size:50px}.elementor-widget-text-editor .elementor-drop-cap-letter{display:inline-block}<\/style>\t\t\t\t<!-- wp:heading {\"textAlign\":\"center\",\"level\":1} -->\n<h1 class=\"has-text-align-center\">Autres stages<\/h1>\n<!-- \/wp:heading --><!-- wp:heading {\"level\":1} -->\n<h1><strong>6 et 7 septembre 2025<\/strong><\/h1>\n<!-- \/wp:heading --><!-- wp:heading {\"level\":1} -->\n<h1><strong>Clermont ferrand<br \/>rencontres p\u00e9dagogiques<\/strong><\/h1>\n<!-- \/wp:heading --><!-- wp:paragraph -->\n<p>Comme l\u2019ann\u00e9e derni\u00e8re nous organisons \u00e0 Clermont (salle rue Henri Barbusse) un week end ouvert a tous les adh\u00e9rents et gratuit. Id\u00e9al pour les enseignants et aspirants p\u00e9dagogues. Son objectif est le partage de l\u2019exp\u00e9rience et de la cr\u00e9ativit\u00e9 de tous autour de sujets coopt\u00e9s par les personnes int\u00e9ress\u00e9es&#8230;<br \/><br \/>Toutefois, toutes les id\u00e9es et souhaits sont\u00a0 bienvenus afin de pr\u00e9parer ce moment et \u00e9ventuellement les suivants<br \/><br \/>tous renseignements, id\u00e9es, inscription: dfelus26@gmail.com<\/p>\n<!-- \/wp:paragraph --><!-- wp:paragraph -->\n<p>Vous \u00eates invit\u00e9s a vous pr\u00e9inscrire pour en assurer la tenue \u00a0en pr\u00e9cisant vos souhaits<br \/>Merci<\/p>\n<!-- \/wp:paragraph -->\t\t\t\t\t\t<\/div>\n\t\t\t\t<\/div>\n\t\t\t\t\t<\/div>\n\t\t<\/div>\n\t\t\t\t\t\t\t<\/div>\n\t\t<\/section>\n\t\t\t\t\t\t\t<\/div>\n\t\t","protected":false},"excerpt":{"rendered":"<p>Autres stages 6 et 7 septembre 2025 Clermont ferrandrencontres p\u00e9dagogiques Comme l\u2019ann\u00e9e derni\u00e8re nous organisons \u00e0 Clermont (salle rue Henri Barbusse) un week end ouvert a tous les adh\u00e9rents et gratuit. Id\u00e9al pour les enseignants et aspirants p\u00e9dagogues. Son objectif est le partage de l\u2019exp\u00e9rience et de la cr\u00e9ativit\u00e9 de tous autour de sujets coopt\u00e9s &hellip; <\/p>\n<p class=\"link-more\"><a href=\"https:\/\/www.fmiptc.com\/?page_id=114\" class=\"more-link\">Continuer la lecture<span class=\"screen-reader-text\"> de &laquo;&nbsp;Autres stages&nbsp;&raquo;<\/span><\/a><\/p>\n","protected":false},"author":1,"featured_media":0,"parent":0,"menu_order":0,"comment_status":"closed","ping_status":"closed","template":"","meta":{"footnotes":""},"class_list":["post-114","page","type-page","status-publish","hentry"],"_links":{"self":[{"href":"https:\/\/www.fmiptc.com\/index.php?rest_route=\/wp\/v2\/pages\/114","targetHints":{"allow":["GET"]}}],"collection":[{"href":"https:\/\/www.fmiptc.com\/index.php?rest_route=\/wp\/v2\/pages"}],"about":[{"href":"https:\/\/www.fmiptc.com\/index.php?rest_route=\/wp\/v2\/types\/page"}],"author":[{"embeddable":true,"href":"https:\/\/www.fmiptc.com\/index.php?rest_route=\/wp\/v2\/users\/1"}],"replies":[{"embeddable":true,"href":"https:\/\/www.fmiptc.com\/index.php?rest_route=%2Fwp%2Fv2%2Fcomments&post=114"}],"version-history":[{"count":79,"href":"https:\/\/www.fmiptc.com\/index.php?rest_route=\/wp\/v2\/pages\/114\/revisions"}],"predecessor-version":[{"id":2473,"href":"https:\/\/www.fmiptc.com\/index.php?rest_route=\/wp\/v2\/pages\/114\/revisions\/2473"}],"wp:attachment":[{"href":"https:\/\/www.fmiptc.com\/index.php?rest_route=%2Fwp%2Fv2%2Fmedia&parent=114"}],"curies":[{"name":"wp","href":"https:\/\/api.w.org\/{rel}","templated":true}]}}