{"id":2275,"date":"2025-02-16T19:06:31","date_gmt":"2025-02-16T18:06:31","guid":{"rendered":"https:\/\/www.fmiptc.com\/?page_id=2275"},"modified":"2025-02-16T21:59:54","modified_gmt":"2025-02-16T20:59:54","slug":"ecole-de-formation-2","status":"publish","type":"page","link":"https:\/\/www.fmiptc.com\/?page_id=2275","title":{"rendered":"\u00c9cole de formation"},"content":{"rendered":"<p>\t\t<center><\/p>\n<p><b><i><br \/>\n\t\t\t\t\t\tL&rsquo;\u00e9cole de Formation \u00e0 la p\u00e9dagogie du mouvement est<br \/>\n\t\t\t\t\t\tun organisme de formation ouvert \u00e0 toutes \u00e9coles<br \/>\n\t\t\t\t\t\tayant plusieurs objectifs:<br \/>\n\t\t\t\t\t<\/i><\/b><\/p>\n<p>\n\t\t\t\t<b><u>Former les futurs enseignants<\/u><\/b><br \/>\n\t\t\t\t\u00e0 la p\u00e9dagogie ainsi qu&rsquo;\u00e0 toutes les connaissances concr\u00e8tement<br \/>\n\t\t\t\tn\u00e9cessaires \u00e0 la compr\u00e9hension de leur<br \/>\n\t\t\t\tmouvement<br \/>\n\t\t\t\tet celui de leurs \u00e9l\u00e8ves.\n\t\t\t<\/p>\n<p>\n\t\t\t\t<b><u>Perfectionnement des enseignants et pratiquants avanc\u00e9s<\/u><\/b><br \/>\n\t\t\t\tleur donnant un bagage d&rsquo;outils techniques et de repr\u00e9sentations exceptionnel&#8230;\n\t\t\t<\/p>\n<p>\n\t\t\t\t<b><u>Un cursus complet<\/u><\/b><br \/>\n\t\t\t\tpermettant la validation de diverses \u00e9tapes\n\t\t\t<\/p>\n<p>\t\t<\/center><\/p>\n<p>\n\t\t\tL&rsquo;E.F.P.M. est n\u00e9e du constat que le Tai Chi Chuan \u00e9tait souvent pr\u00e9sent\u00e9 comme un mod\u00e8le \u00e0 imiter par r\u00e9p\u00e9tition mais qu&rsquo;il \u00e9tait rarement enseign\u00e9 comme une r\u00e9f\u00e9rence permettant de percevoir les n\u00e9cessit\u00e9s int\u00e9rieures qui conduisent \u00e0 sa forme par la d\u00e9couverte de soi&#8230; La\tperp\u00e9tuation de rites p\u00e9dagogiques largement d\u00e9pass\u00e9s en limite consid\u00e9rablement les possibilit\u00e9s. Il nous a\tsembl\u00e9 riche de <b>prendre en consid\u00e9ration l&rsquo;aspect transmission (p\u00e9dagogique) dans toutes ses dimensions<\/b> de transformation: repr\u00e9sentations, \u00e9motions et actions.\t<\/p>\n<p>\n\t\t\tL&rsquo;\u00e9change, les apports du groupe, les <b>crit\u00e8res d&rsquo;autonomie et de d\u00e9veloppement personnel sont les sources de notre pratique<\/b>. l&rsquo;E.F.P.M. propose donc une m\u00e9thode d&rsquo;apprentissage des principes du mouvement et de la relation \u00e0 partir du Tai Chi Chuan. Celle-ci r\u00e9unit la connaissance traditionnelle, une attitude qui respecte et int\u00e8gre nos r\u00e9f\u00e9rences occidentales, et le dynamisme de nos d\u00e9marches personnelles une m\u00e9thode d&rsquo;apprentissage.<\/p>\n<p>\n\t\t\tCet enseignement est destin\u00e9 \u00e0 toutes les personnes souhaitant faire un lien r\u00e9el entre\tleur vie quotidienne\tou professionnelle et ces outils destin\u00e9s au bien \u00eatre et \u00e0 la compr\u00e9hension de soi. Ces outils sont puis\u00e9s tant dans la tradition chinoise que dans nos rep\u00e8res anatomiques et physiologiques occidentaux. Ils d\u00e9veloppent une v\u00e9ritable perception et compr\u00e9hension int\u00e9rieure de la forme mais aussi une\tcapacit\u00e9 \u00e0 voir et \u00e0 communiquer avec les partenaires.<\/p>\n<p>\t\t<b>Plusieurs modules permettent d&rsquo;apporter divers \u00e9clairages:<\/b><\/p>\n<p>Une approche structurelle ouvrant \u00e0 la compr\u00e9hension et \u00e0 la perception des m\u00e9canismes musculaires, osseux,\tfascia &#8230; Une lecture du mouvement \u00e0 travers les dynamiques osseuses et physiologiques.<\/p>\n<p>Une approche des grands \u00e9changes, avec l&rsquo;espace, la pesanteur, les jeux respiratoires mais aussi avec l&rsquo;Autre (martialit\u00e9 et \u00e9change)&#8230; Le d\u00e9veloppement d&rsquo;un contact de type \u00ab\u00a0haptonomique) d\u00e9veloppant une approche \u00e9nerg\u00e9tique concr\u00e8te d&rsquo;une grande finesse.\n\t\t<\/p>\n","protected":false},"excerpt":{"rendered":"<p>L&rsquo;\u00e9cole de Formation \u00e0 la p\u00e9dagogie du mouvement est un organisme de formation ouvert \u00e0 toutes \u00e9coles ayant plusieurs objectifs: Former les futurs enseignants \u00e0 la p\u00e9dagogie ainsi qu&rsquo;\u00e0 toutes les connaissances concr\u00e8tement n\u00e9cessaires \u00e0 la compr\u00e9hension de leur mouvement et celui de leurs \u00e9l\u00e8ves. Perfectionnement des enseignants et pratiquants avanc\u00e9s leur donnant un bagage &hellip; <\/p>\n<p class=\"link-more\"><a href=\"https:\/\/www.fmiptc.com\/?page_id=2275\" class=\"more-link\">Continuer la lecture<span class=\"screen-reader-text\"> de &laquo;&nbsp;\u00c9cole de formation&nbsp;&raquo;<\/span><\/a><\/p>\n","protected":false},"author":1,"featured_media":0,"parent":0,"menu_order":0,"comment_status":"closed","ping_status":"closed","template":"","meta":{"footnotes":""},"class_list":["post-2275","page","type-page","status-publish","hentry"],"_links":{"self":[{"href":"https:\/\/www.fmiptc.com\/index.php?rest_route=\/wp\/v2\/pages\/2275","targetHints":{"allow":["GET"]}}],"collection":[{"href":"https:\/\/www.fmiptc.com\/index.php?rest_route=\/wp\/v2\/pages"}],"about":[{"href":"https:\/\/www.fmiptc.com\/index.php?rest_route=\/wp\/v2\/types\/page"}],"author":[{"embeddable":true,"href":"https:\/\/www.fmiptc.com\/index.php?rest_route=\/wp\/v2\/users\/1"}],"replies":[{"embeddable":true,"href":"https:\/\/www.fmiptc.com\/index.php?rest_route=%2Fwp%2Fv2%2Fcomments&post=2275"}],"version-history":[{"count":3,"href":"https:\/\/www.fmiptc.com\/index.php?rest_route=\/wp\/v2\/pages\/2275\/revisions"}],"predecessor-version":[{"id":2305,"href":"https:\/\/www.fmiptc.com\/index.php?rest_route=\/wp\/v2\/pages\/2275\/revisions\/2305"}],"wp:attachment":[{"href":"https:\/\/www.fmiptc.com\/index.php?rest_route=%2Fwp%2Fv2%2Fmedia&parent=2275"}],"curies":[{"name":"wp","href":"https:\/\/api.w.org\/{rel}","templated":true}]}}