{"id":2279,"date":"2025-02-16T19:25:29","date_gmt":"2025-02-16T18:25:29","guid":{"rendered":"https:\/\/www.fmiptc.com\/?page_id=2279"},"modified":"2025-03-03T18:39:22","modified_gmt":"2025-03-03T17:39:22","slug":"cursus-et-apprentissage","status":"publish","type":"page","link":"https:\/\/www.fmiptc.com\/?page_id=2279","title":{"rendered":"Cursus et apprentissage"},"content":{"rendered":"<p>&nbsp;<\/p>\n<h2>Cursus et apprentissages<\/h2>\n<p>&nbsp;<\/p>\n<p><b>L&rsquo;E.F.P.M. c&rsquo;est :<\/b><\/p>\n<table>\n<tbody>\n<tr>\n<td width=\"80%\">Un Tai Chi <b>issu de sources authentiques<\/b><br \/>\n<b>Une \u00e9quipe de formateurs<\/b> dipl\u00f4m\u00e9s dans de nombreux domaines(TaiChi &amp; Chi Cong, m\u00e9decine, psychoth\u00e9rapie, acupuncture, p\u00e9dagogie, formations relationnelles)<b>Mais aussi :<\/b><br \/>\nLe plaisir d&rsquo;une <b>p\u00e9dagogie consciente<\/b>,<br \/>\nune \u00e9coute et un accompagnement adapt\u00e9s \u00e0 chacun.<br \/>\n<b>Des outils concrets<\/b> offrant l&rsquo;autonomie des apprentissages.<br \/>\nUn regard traditionnel enrichi de notre exp\u00e9rience actuelle.<br \/>\nUn projet clair d&rsquo;\u00e9volution personnelle dans la douceur et la tranquillit\u00e9.<\/td>\n<td class=\"titre_long\" width=\"20%\"><img decoding=\"async\" style=\"width: 100%;\" src=\"images\/efpm\/txt\/efpm ini.gif\" \/><\/td>\n<\/tr>\n<tr>\n<td width=\"80%\"><b>Nous proposons donc :<\/b><b>Un cycle de stages de perfectionnement<\/b><br \/>\n(cursus dans sch\u00e9ma ci-dessus)<br \/>\n<b>Un abord p\u00e9dagogique sp\u00e9cifique<br \/>\nUn d\u00e9veloppement personnel<br \/>\nUne validation de qualit\u00e9.<br \/>\nDes activit\u00e9s compl\u00e9mentaires:<br \/>\n<\/b><br \/>\ndes stages p\u00e9dagogiques<br \/>\ndes stages de communication interpersonnelles<\/td>\n<td class=\"titre_long\" width=\"20%\"><img decoding=\"async\" src=\"images\/efpm\/vol.gif\" \/><\/td>\n<\/tr>\n<\/tbody>\n<\/table>\n<table>\n<tbody>\n<tr>\n<td width=\"80%\"><\/td>\n<td class=\"titre_long\" width=\"20%\"><img decoding=\"async\" src=\"images\/efpm\/cursus.jpg\" \/><\/td>\n<\/tr>\n<tr>\n<td width=\"80%\">Viennent dans un ordre p\u00e9dagogique adapt\u00e9:<\/p>\n<ul>\n<li>ul&rsquo;acquisition d&rsquo;outils d&rsquo;autonomie dans un ordre d\u00e9pendant des besoins de chacun,<\/li>\n<li>un abord p\u00e9dagogique dans un projet d&rsquo;enseignement<\/li>\n<\/ul>\n<p>Ces modules de 3 ou\u00a0 4 W.E. par an se tiennent \u00e0 Clermont-Ferrand. Il ne se font que sur pr\u00e9inscription, le groupe de travail \u00e9tant limit\u00e9 \u00e0 12 personnes. Tous les stages de Tai chi chuan sont sous la direction de Denis F\u00e9lus. le nombre de participants est limite \u00e0 12 par session afin de maintenir qualit\u00e9 de la relation et dynamique du groupe. Au sein du.M.I.T.C.C. le label E.F.P.M. repr\u00e9sente pour les adh\u00e9rents la certitude d&rsquo;un suivi technique, p\u00e9dagogique et personnel garantissant la qualit\u00e9 de l&rsquo;\u00e9change d&rsquo;enseignement . En ce qui concerne l&rsquo;apprentissage, l&rsquo;E.F.P.M. vous invite \u00e0 contacter votre association M.I.p.T.C.C. locales.<\/td>\n<td class=\"titre_long\" width=\"20%\">\n<div style=\"width: 155px; height: 250px; z-index: 23; left: 778px; top: 950px; background-image: url('images\/efpm\/pecheur.jpg'); layer-background-image: url('images\/efpm\/pecheur.jpg'); border: 1px none #000000; background-color: #ffffff; layer-background-color: #FFFFFF;\">\n<p align=\"center\"><i><br \/>\n<span style=\"color: #000000; font-size: xx-large;\"><br \/>\n<a href=\"dates.html\"><br \/>\n<\/a><\/span><\/i><\/p>\n<p><center><br \/>\nDates des<br \/>\nstages<\/center><\/p>\n<p align=\"center\"><i><span style=\"color: #000000; font-size: xx-large;\"><a href=\"dates.html\"><br \/>\n<\/a><br \/>\n<\/span><br \/>\n<\/i><\/p>\n<\/div>\n<\/td>\n<\/tr>\n<\/tbody>\n<\/table>\n<h2>Perfectionnement et pr\u00e9paration \u00e0 l&rsquo;enseignement<\/h2>\n<p><b><i><span style=\"color: red;\"><br \/>\nCes stages sont ouverts \u00e0 toute personne, quelle que soit son \u00e9cole, connaissant les 108 mouvements d&rsquo;un style Yang, pratiquant depuis au moins 4 ans.<\/span><\/i><\/b><\/p>\n<p>Ce cycle est ouvert aux personnes connaissant les trois parties de la forme de style Yang. Apr\u00e8s un tronc commun imp\u00e9ratif pour tous, quelque soit le niveau ant\u00e9rieur et l&rsquo;origine, il est propos\u00e9 divers modules permettant l&rsquo;adaptation aux capacit\u00e9s et aux besoins de chacun. Le tronc commun consiste en une reprise \u00e9tape par \u00e9tape de la forme donnant pour chaque mouvement sa fonction dans la forme, un rep\u00e8re interne respiratoire, un rep\u00e8re externe structurel et un sens dynamique et martial. L&rsquo;ensemble des outils p\u00e9dagogiques ult\u00e9rieurs est pr\u00e9sent\u00e9 et il est propos\u00e9 \u00e0 chacun un inventaire de ses aptitudes et de ce qu&rsquo;il serait utile de d\u00e9velopper. La dynamique des modules est con\u00e7ue dans un objectif d&rsquo;autonomie de croissance avec appropriation r\u00e9elle des apprentissages. Le nombre des participants est strictement limit\u00e9 \u00e0 12.<\/p>\n<p>Le d\u00e9veloppement est ensuite organis\u00e9 en fonction des besoins individuels dans une progression de \u00ab\u00a0modules\u00a0\u00bb correspondant aux divers aspects du mouvement personnel: rythme et coordination, structure, souffle et espaces&#8230; Chaque module suivant comprend 3 ou 4 Week-end. Chaque WE propose la d\u00e9couverte d&rsquo;un outil particulier dans la coh\u00e9rence d&rsquo;un module. L&rsquo;outil est une image rep\u00e8re avec ses repr\u00e9sentations et perceptions permettant ensuite un perfectionnement autonome. Ces modules ne sont accessibles qu&rsquo;aux personnes ayant d\u00e9j\u00e0 r\u00e9alis\u00e9 le tronc commun; en revanche toute personne ayant d\u00e9j\u00e0 r\u00e9alis\u00e9 un module (tronc commun ou autre) peut revenir sur l&rsquo;un des week-end pour perfectionner un outil d\u00e9j\u00e0 connu.<\/p>\n<h2>Tarifs<\/h2>\n<p>L&rsquo;adh\u00e9sion \u00e0 l&rsquo;association est de <b>450 euros<\/b><\/p>\n<p>Elle donne droit \u00e0 :<\/p>\n<ul>\n<li>un cursus de 3 ou 4 stages annuels selon niveau<\/li>\n<li>une reprise de stage ant\u00e9rieurs<\/li>\n<li>l&rsquo;acc\u00e8s aux stages compl\u00e9mentaires (pratiques \u00e0 deux p\u00e9dagogies<br \/>\nsp\u00e9cifiques&#8230; )<\/li>\n<li>la vie associative<\/li>\n<\/ul>\n<h2>Formation d&rsquo;enseignant \u00e0 l&rsquo;EFPM<\/h2>\n<p>Il est possible de participer \u00e0 l&rsquo;\u00e9quipe p\u00e9dagogique en suivant un cursus parall\u00e8le permettant d&rsquo;acqu\u00e9rir les aptitudes n\u00e9cessaires. Pour cela il convient apr\u00e8s avoir particip\u00e9 \u00e0 un module du cursus \u00ab\u00a0pour son apprentissage propre\u00a0\u00bb d&rsquo;y revenir (pour un outil ou plus): une fois en tant qu&rsquo;observateur, puis une nouvelle fois en co-animateur supervis\u00e9 et si cela convient \u00e0 tous, l&rsquo;enseignement de l&rsquo;outil concern\u00e9 devient possible.<\/p>\n<p>La participation aux stages en tant que formateur apprenant est gratuite, les frais connexes (transport\/h\u00e9bergement) peuvent \u00eatre subventionn\u00e9s par la f\u00e9d\u00e9ration. Renseignez vous sur les outils \u00ab\u00a0disponibles\u00a0\u00bb \u00e0 la formation<\/p>\n","protected":false},"excerpt":{"rendered":"<p>&nbsp; Cursus et apprentissages &nbsp; L&rsquo;E.F.P.M. c&rsquo;est : Un Tai Chi issu de sources authentiques Une \u00e9quipe de formateurs dipl\u00f4m\u00e9s dans de nombreux domaines(TaiChi &amp; Chi Cong, m\u00e9decine, psychoth\u00e9rapie, acupuncture, p\u00e9dagogie, formations relationnelles)Mais aussi : Le plaisir d&rsquo;une p\u00e9dagogie consciente, une \u00e9coute et un accompagnement adapt\u00e9s \u00e0 chacun. Des outils concrets offrant l&rsquo;autonomie des apprentissages. &hellip; <\/p>\n<p class=\"link-more\"><a href=\"https:\/\/www.fmiptc.com\/?page_id=2279\" class=\"more-link\">Continuer la lecture<span class=\"screen-reader-text\"> de &laquo;&nbsp;Cursus et apprentissage&nbsp;&raquo;<\/span><\/a><\/p>\n","protected":false},"author":1,"featured_media":0,"parent":0,"menu_order":0,"comment_status":"closed","ping_status":"closed","template":"","meta":{"footnotes":""},"class_list":["post-2279","page","type-page","status-publish","hentry"],"_links":{"self":[{"href":"https:\/\/www.fmiptc.com\/index.php?rest_route=\/wp\/v2\/pages\/2279","targetHints":{"allow":["GET"]}}],"collection":[{"href":"https:\/\/www.fmiptc.com\/index.php?rest_route=\/wp\/v2\/pages"}],"about":[{"href":"https:\/\/www.fmiptc.com\/index.php?rest_route=\/wp\/v2\/types\/page"}],"author":[{"embeddable":true,"href":"https:\/\/www.fmiptc.com\/index.php?rest_route=\/wp\/v2\/users\/1"}],"replies":[{"embeddable":true,"href":"https:\/\/www.fmiptc.com\/index.php?rest_route=%2Fwp%2Fv2%2Fcomments&post=2279"}],"version-history":[{"count":5,"href":"https:\/\/www.fmiptc.com\/index.php?rest_route=\/wp\/v2\/pages\/2279\/revisions"}],"predecessor-version":[{"id":2370,"href":"https:\/\/www.fmiptc.com\/index.php?rest_route=\/wp\/v2\/pages\/2279\/revisions\/2370"}],"wp:attachment":[{"href":"https:\/\/www.fmiptc.com\/index.php?rest_route=%2Fwp%2Fv2%2Fmedia&parent=2279"}],"curies":[{"name":"wp","href":"https:\/\/api.w.org\/{rel}","templated":true}]}}