{"id":2285,"date":"2025-02-16T19:44:08","date_gmt":"2025-02-16T18:44:08","guid":{"rendered":"https:\/\/www.fmiptc.com\/?page_id=2285"},"modified":"2025-02-16T22:01:34","modified_gmt":"2025-02-16T21:01:34","slug":"lequipe-pedagogique","status":"publish","type":"page","link":"https:\/\/www.fmiptc.com\/?page_id=2285","title":{"rendered":"L&rsquo;\u00e9quipe p\u00e9dagogique"},"content":{"rendered":"<style>\n.row {\n\tdisplay: -ms-flexbox; \/* IE10 *\/\n\tdisplay: flex;\n\t-ms-flex-wrap: wrap; \/* IE10 *\/\n\tflex-wrap: wrap;\n\tpadding: 0 4px;\n  }<\/p>\n<p>  \/* Create four equal columns that sits next to each other *\/\n  .column {\n\t-ms-flex: 25%; \/* IE10 *\/\n\tflex: 25%;\n\tmax-width: 25%;\n\tpadding: 0 4px;\n  }<\/p>\n<p>  .column img {\n\tmargin-top: 8px;\n\tvertical-align: middle;\n\twidth: 150px;\n  }\n<\/style>\n<p>\t\t<center><\/p>\n<h2>L&rsquo;\u00e9quipe p\u00e9dagogique<\/h2>\n<p>\t\t<\/center><\/p>\n<p>\t\t<center><\/p>\n<p>\n\t\t\t\tNous sommes une \u00e9quipe p\u00e9dagogique en formation constante<br \/>\n\t\t\t\ttant en interne que dans nos enseignements respectifs dans de nombreux domaines&#8230;<br \/>\n\t\t\t\tEn Tai Chi bien s\u00fbr, mais aussi anatomie, physiologie, \u00e9nerg\u00e9tique et acupuncture, relations d&rsquo;aide syst\u00e9mique, recherche p\u00e9dagogique&#8230;<\/p>\n<p>\n\t\t\t\tLes 17 ans pass\u00e9s aupr\u00e8s de M Chu King Hung ont bien s\u00fbr domin\u00e9 initialement cet enseignement<br \/> mais de nombreux stages au dehors en ont enrichi la compr\u00e9hension.<br \/>\n\t\t\t\tL&rsquo;originalit\u00e9 p\u00e9dagogique et dans la perception interne en portent le sens&#8230;\n\t\t\t<\/p>\n<p>\t\t<\/center><\/p>\n<div class=\"row\">\n<div class=\"column\">\n<div>\n\t\t\t\t\t<img decoding=\"async\" src=\"images\/efpm\/pht\/dfk.gif\" style=\"width:120px\"><br \/>\n\t\t\t\t\t<center>Denis Felus<\/center>\n\t\t\t\t<\/div>\n<div>\n\t\t\t\t\t<img decoding=\"async\" src=\"images\/efpm\/pht\/corine.jpg\" style=\"width:120px\"><br \/>\n\t\t\t\t\t<center>Corine Balz<\/center>\n\t\t\t\t<\/div>\n<div>\n\t\t\t\t\t<img decoding=\"async\" src=\"images\/efpm\/vincent.jpg\" style=\"width:120px\"><br \/>\n\t\t\t\t\t<center>Vincent Della Valle<\/center>\n\t\t\t\t<\/div>\n<\/p><\/div>\n<div class=\"column\">\n<div>\n\t\t\t\t\t<img decoding=\"async\" src=\"images\/efpm\/pht\/mld.jpg\" style=\"width:120px\"><br \/>\n\t\t\t\t\t<center>Marie-Laure Dutour<\/center>\n\t\t\t\t<\/div>\n<div>\n\t\t\t\t\t<img decoding=\"async\" src=\"images\/efpm\/pht\/chris.JPG\" style=\"width:120px\"><br \/>\n\t\t\t\t\t<center>Christos Kokkinidis<\/center>\n\t\t\t\t<\/div>\n<\/p><\/div>\n<div class=\"column\">\n<div>\n\t\t\t\t\t<img decoding=\"async\" src=\"images\/efpm\/malik.jpg\" style=\"width:120px\"><br \/>\n\t\t\t\t\t<center>Malik Messabiha<\/center>\n\t\t\t\t<\/div>\n<div>\n\t\t\t\t\t<img decoding=\"async\" src=\"images\/efpm\/nathalie.jpg\" style=\"width:120px\"><br \/>\n\t\t\t\t\t<center>Nathalie Gourraud<\/center>\n\t\t\t\t<\/div>\n<\/p><\/div>\n<div class=\"column\">\n<div>\n\t\t\t\t\t<img decoding=\"async\" src=\"images\/efpm\/helo.jpg\" style=\"width:120px\"><br \/>\n\t\t\t\t\t<center>H\u00e9lo\u00efse Horel<\/center>\n\t\t\t\t<\/div>\n<div>\n\t\t\t\t\t<img decoding=\"async\" src=\"images\/efpm\/ingrid.jpg\" style=\"width:120px\"><br \/>\n\t\t\t\t\t<center>Ingrid Plooij<\/center>\n\t\t\t\t<\/div>\n<\/p><\/div>\n<\/p><\/div>\n<h2>Formation d&rsquo;enseignant \u00e0 l&rsquo;EFPM<\/h2>\n<p>\t\tL&rsquo;\u00e9quipe p\u00e9dagogique a aussi pour objectif la formation d&rsquo;enseignants du cursus de l&rsquo;\u00e9cole&#8230; Ceci se fait en 3 \u00e9tapes permettant d&rsquo;acqu\u00e9rir les aptitudes n\u00e9cessaires:<\/p>\n<ul>\n<li>participation \u00e0 un module du cursus \u00ab\u00a0pour son apprentissage propre\u00a0\u00bb<\/li>\n<li>puis y revenir (pour un outil ou plus) une fois en tant qu&rsquo;observateur,<\/li>\n<li>puis une nouvelle fois en co-animateur supervis\u00e9<\/li>\n<\/ul>\n<p>\n\t\t\tEt si cela convient \u00e0 tous, l&rsquo;enseignement de l&rsquo;outil concern\u00e9 devient possible.<br \/>\n\t\t\tLa participation aux stages en tant que formateur apprenant est gratuite,<br \/>\n\t\t\tles frais connexes (transport\/h\u00e9bergement) peuvent \u00eatre subventionn\u00e9s par la<br \/>\n\t\t\tf\u00e9d\u00e9ration.<\/p>\n<p>\t\t\tRenseignez vous sur les outils \u00ab\u00a0disponibles\u00a0\u00bb \u00e0 la formation.\n\t\t<\/p>\n","protected":false},"excerpt":{"rendered":"<p>L&rsquo;\u00e9quipe p\u00e9dagogique Nous sommes une \u00e9quipe p\u00e9dagogique en formation constante tant en interne que dans nos enseignements respectifs dans de nombreux domaines&#8230; En Tai Chi bien s\u00fbr, mais aussi anatomie, physiologie, \u00e9nerg\u00e9tique et acupuncture, relations d&rsquo;aide syst\u00e9mique, recherche p\u00e9dagogique&#8230; Les 17 ans pass\u00e9s aupr\u00e8s de M Chu King Hung ont bien s\u00fbr domin\u00e9 initialement cet &hellip; <\/p>\n<p class=\"link-more\"><a href=\"https:\/\/www.fmiptc.com\/?page_id=2285\" class=\"more-link\">Continuer la lecture<span class=\"screen-reader-text\"> de &laquo;&nbsp;L&rsquo;\u00e9quipe p\u00e9dagogique&nbsp;&raquo;<\/span><\/a><\/p>\n","protected":false},"author":1,"featured_media":0,"parent":0,"menu_order":0,"comment_status":"closed","ping_status":"closed","template":"","meta":{"footnotes":""},"class_list":["post-2285","page","type-page","status-publish","hentry"],"_links":{"self":[{"href":"https:\/\/www.fmiptc.com\/index.php?rest_route=\/wp\/v2\/pages\/2285","targetHints":{"allow":["GET"]}}],"collection":[{"href":"https:\/\/www.fmiptc.com\/index.php?rest_route=\/wp\/v2\/pages"}],"about":[{"href":"https:\/\/www.fmiptc.com\/index.php?rest_route=\/wp\/v2\/types\/page"}],"author":[{"embeddable":true,"href":"https:\/\/www.fmiptc.com\/index.php?rest_route=\/wp\/v2\/users\/1"}],"replies":[{"embeddable":true,"href":"https:\/\/www.fmiptc.com\/index.php?rest_route=%2Fwp%2Fv2%2Fcomments&post=2285"}],"version-history":[{"count":10,"href":"https:\/\/www.fmiptc.com\/index.php?rest_route=\/wp\/v2\/pages\/2285\/revisions"}],"predecessor-version":[{"id":2306,"href":"https:\/\/www.fmiptc.com\/index.php?rest_route=\/wp\/v2\/pages\/2285\/revisions\/2306"}],"wp:attachment":[{"href":"https:\/\/www.fmiptc.com\/index.php?rest_route=%2Fwp%2Fv2%2Fmedia&parent=2285"}],"curies":[{"name":"wp","href":"https:\/\/api.w.org\/{rel}","templated":true}]}}