{"id":279,"date":"2021-06-20T13:10:22","date_gmt":"2021-06-20T11:10:22","guid":{"rendered":"https:\/\/www.fmiptc.com\/?page_id=279"},"modified":"2022-08-02T11:59:52","modified_gmt":"2022-08-02T09:59:52","slug":"nous-contacter","status":"publish","type":"page","link":"https:\/\/www.fmiptc.com\/?page_id=279","title":{"rendered":"Nous contacter"},"content":{"rendered":"\n<h1 class=\"has-text-align-center wp-block-heading\">Pour nous contacter<\/h1>\n\n\n\n<p><strong>Vous avez cherch\u00e9 sur le site, et vous n&rsquo;avez pas trouv\u00e9 l&rsquo;information que vous cherchiez ?<\/strong><\/p>\n\n\n\n<p>Contactez nous <strong>par mail<\/strong> :<br><a href=\"mailto:fmiptc@miptcc.com\">fmiptc@miptcc.com<\/a><\/p>\n\n\n\n<p><\/p>\n\n\n\n<p><br><strong>Au si\u00e8ge<\/strong> :<br>5 bis rue henri Barbusse 63000 Clermont<\/p>\n\n\n\n<p><br><strong>En contactant directement Denis F\u00e9lus<\/strong> :<br>D F\u00e9lus 8 rue du Dr Alexandre Petit 63130 Royat<br><a href=\"mailto:denis@mitcc.net\">dfelus26@gmail.com<\/a><\/p>\n\n\n\n<p><br><strong>Via le formulaire \u00e0 la fin de la page<\/strong><\/p>\n\n\n\n<p><br><strong>Vous voulez signaler un probl\u00e8me avec le site, ou une information manquante ou erron\u00e9e.<br>Vous pouvez contacter le webmaster par mail<\/strong> :<br><a href=\"mailto:ruiz.vivien+fmiptc@protonmail.com\">ruiz.vivien@protonmail.com<\/a><\/p>\n","protected":false},"excerpt":{"rendered":"<p>Pour nous contacter Vous avez cherch\u00e9 sur le site, et vous n&rsquo;avez pas trouv\u00e9 l&rsquo;information que vous cherchiez ? Contactez nous par mail :fmiptc@miptcc.com Au si\u00e8ge :5 bis rue henri Barbusse 63000 Clermont En contactant directement Denis F\u00e9lus \ud83d\ude00 F\u00e9lus 8 rue du Dr Alexandre Petit 63130 Royatdfelus26@gmail.com Via le formulaire \u00e0 la fin de &hellip; <\/p>\n<p class=\"link-more\"><a href=\"https:\/\/www.fmiptc.com\/?page_id=279\" class=\"more-link\">Continuer la lecture<span class=\"screen-reader-text\"> de &laquo;&nbsp;Nous contacter&nbsp;&raquo;<\/span><\/a><\/p>\n","protected":false},"author":1,"featured_media":0,"parent":0,"menu_order":0,"comment_status":"closed","ping_status":"closed","template":"","meta":{"footnotes":""},"class_list":["post-279","page","type-page","status-publish","hentry"],"_links":{"self":[{"href":"https:\/\/www.fmiptc.com\/index.php?rest_route=\/wp\/v2\/pages\/279","targetHints":{"allow":["GET"]}}],"collection":[{"href":"https:\/\/www.fmiptc.com\/index.php?rest_route=\/wp\/v2\/pages"}],"about":[{"href":"https:\/\/www.fmiptc.com\/index.php?rest_route=\/wp\/v2\/types\/page"}],"author":[{"embeddable":true,"href":"https:\/\/www.fmiptc.com\/index.php?rest_route=\/wp\/v2\/users\/1"}],"replies":[{"embeddable":true,"href":"https:\/\/www.fmiptc.com\/index.php?rest_route=%2Fwp%2Fv2%2Fcomments&post=279"}],"version-history":[{"count":5,"href":"https:\/\/www.fmiptc.com\/index.php?rest_route=\/wp\/v2\/pages\/279\/revisions"}],"predecessor-version":[{"id":916,"href":"https:\/\/www.fmiptc.com\/index.php?rest_route=\/wp\/v2\/pages\/279\/revisions\/916"}],"wp:attachment":[{"href":"https:\/\/www.fmiptc.com\/index.php?rest_route=%2Fwp%2Fv2%2Fmedia&parent=279"}],"curies":[{"name":"wp","href":"https:\/\/api.w.org\/{rel}","templated":true}]}}