{"id":86,"date":"2021-06-20T07:31:57","date_gmt":"2021-06-20T05:31:57","guid":{"rendered":"https:\/\/www.fmiptc.com\/?page_id=86"},"modified":"2025-12-23T20:46:33","modified_gmt":"2025-12-23T19:46:33","slug":"accueil","status":"publish","type":"page","link":"https:\/\/www.fmiptc.com\/","title":{"rendered":"Accueil"},"content":{"rendered":"\t\t<div data-elementor-type=\"wp-page\" data-elementor-id=\"86\" class=\"elementor elementor-86\">\n\t\t\t\t\t\t\t\t\t<section class=\"elementor-section elementor-top-section elementor-element elementor-element-56126eb2 elementor-section-content-middle elementor-section-boxed elementor-section-height-default elementor-section-height-default\" data-id=\"56126eb2\" data-element_type=\"section\">\n\t\t\t\t\t\t<div class=\"elementor-container elementor-column-gap-default\">\n\t\t\t\t\t<div class=\"elementor-column elementor-col-100 elementor-top-column elementor-element elementor-element-328f3957\" data-id=\"328f3957\" data-element_type=\"column\">\n\t\t\t<div class=\"elementor-widget-wrap\">\n\t\t\t\t\t\t\t\t\t<\/div>\n\t\t<\/div>\n\t\t\t\t\t\t\t<\/div>\n\t\t<\/section>\n\t\t\t\t<section class=\"elementor-section elementor-top-section elementor-element elementor-element-baeecb9 elementor-section-boxed elementor-section-height-default elementor-section-height-default\" data-id=\"baeecb9\" data-element_type=\"section\">\n\t\t\t\t\t\t<div class=\"elementor-container elementor-column-gap-default\">\n\t\t\t\t\t<div class=\"elementor-column elementor-col-100 elementor-top-column elementor-element elementor-element-98d0fe3\" data-id=\"98d0fe3\" data-element_type=\"column\">\n\t\t\t<div class=\"elementor-widget-wrap\">\n\t\t\t\t\t\t\t\t\t<\/div>\n\t\t<\/div>\n\t\t\t\t\t\t\t<\/div>\n\t\t<\/section>\n\t\t\t\t<section class=\"elementor-section elementor-top-section elementor-element elementor-element-5f9200f elementor-section-boxed elementor-section-height-default elementor-section-height-default\" data-id=\"5f9200f\" data-element_type=\"section\">\n\t\t\t\t\t\t<div class=\"elementor-container elementor-column-gap-default\">\n\t\t\t\t\t<div class=\"elementor-column elementor-col-100 elementor-top-column elementor-element elementor-element-9280f4a\" data-id=\"9280f4a\" data-element_type=\"column\">\n\t\t\t<div class=\"elementor-widget-wrap elementor-element-populated\">\n\t\t\t\t\t\t\t\t<section class=\"elementor-section elementor-inner-section elementor-element elementor-element-e73cf5a elementor-section-boxed elementor-section-height-default elementor-section-height-default\" data-id=\"e73cf5a\" data-element_type=\"section\">\n\t\t\t\t\t\t<div class=\"elementor-container elementor-column-gap-default\">\n\t\t\t\t\t<div class=\"elementor-column elementor-col-50 elementor-inner-column elementor-element elementor-element-8c47ba8\" data-id=\"8c47ba8\" data-element_type=\"column\">\n\t\t\t<div class=\"elementor-widget-wrap elementor-element-populated\">\n\t\t\t\t\t\t\t\t<div class=\"elementor-element elementor-element-772a45fc elementor-widget elementor-widget-text-editor\" data-id=\"772a45fc\" data-element_type=\"widget\" data-widget_type=\"text-editor.default\">\n\t\t\t\t<div class=\"elementor-widget-container\">\n\t\t\t<style>\/*! elementor - v3.14.0 - 26-06-2023 *\/\n.elementor-widget-text-editor.elementor-drop-cap-view-stacked .elementor-drop-cap{background-color:#69727d;color:#fff}.elementor-widget-text-editor.elementor-drop-cap-view-framed .elementor-drop-cap{color:#69727d;border:3px solid;background-color:transparent}.elementor-widget-text-editor:not(.elementor-drop-cap-view-default) .elementor-drop-cap{margin-top:8px}.elementor-widget-text-editor:not(.elementor-drop-cap-view-default) .elementor-drop-cap-letter{width:1em;height:1em}.elementor-widget-text-editor .elementor-drop-cap{float:left;text-align:center;line-height:1;font-size:50px}.elementor-widget-text-editor .elementor-drop-cap-letter{display:inline-block}<\/style>\t\t\t\t<div>\n<div>\n<h1>Bienvenue \u00e0 la FM.I.P.T.C !<\/h1>\n<p><iframe loading=\"lazy\" title=\"YouTube video player\" src=\"https:\/\/www.youtube-nocookie.com\/embed\/o1NXzEHhOQs\" width=\"560\" height=\"315\" frameborder=\"0\" allowfullscreen=\"allowfullscreen\"><\/iframe><\/p>\n<h3><strong>F\u00e9d\u00e9ration des Mouvements Ind\u00e9pendants<br \/>de P\u00e9dagogie des Techniques corporelles<\/strong><\/h3>\n<p>Notre f\u00e9d\u00e9ration r\u00e9unit autour<br \/>d&rsquo;une <a href=\"https:\/\/www.fmiptc.com\/?page_id=56\"><strong>charte <\/strong><\/a>et d&rsquo;un enseignement<br \/>un <a href=\"https:\/\/www.fmiptc.com\/?page_id=111\">grand nombre d&rsquo;associations<\/a><br \/>pratiquant le <a href=\"https:\/\/www.fmiptc.com\/?page_id=95\"><strong>Tai Chi Chuan<\/strong><\/a> et d&rsquo;autres approches comme chemin de recherche personnelle et de bien \u00eatre.<\/p>\n<p>Notre originalit\u00e9 est dans :<br \/>l&rsquo;attention particuli\u00e8re port\u00e9e \u00e0 la <strong><a href=\"https:\/\/www.fmiptc.com\/?page_id=101\">p\u00e9dagogie <\/a><br \/><\/strong>et a<strong>u sens de l&rsquo;enseignement<\/strong>:<br \/>anatomie, physiologie, \u00e9nerg\u00e9tique<br \/><strong>la douceur de l&rsquo;approche<\/strong><br \/>humanisme des apprentissages<br \/>l&rsquo;objectif d&rsquo;<strong>autonomie<\/strong> et de d\u00e9veloppement des personnes.<br \/>Nous vous invitons \u00e0 explorer nos pratiques et <a href=\"https:\/\/www.fmiptc.com\/?page_id=111\">nos cours<\/a>&#8230;<span style=\"font-size: 1.875rem;\">\u00a0<\/span><\/p>\n<\/div>\n<div>\n<div style=\"grid-template-columns: 70% auto; text-align: center;\">\n<div>\n<p style=\"text-align: center;\"><!-- wp:paragraph {\"placeholder\":\"Contenu\u2026\",\"fontSize\":\"large\"} --><\/p>\n<p style=\"text-align: center;\"><a style=\"font-size: 1rem;\" href=\"https:\/\/www.fmiptc.com\/index.php?option=com_content&amp;view=article&amp;id=72&amp;Itemid=153\/jrn66.pdf\"><i><img loading=\"lazy\" decoding=\"async\" class=\"\" src=\"https:\/\/www.fmiptc.com\/images\/logos\/logo.jpg\" alt=\"\" width=\"74\" height=\"69\" \/><\/i><\/a><br \/><strong style=\"color: #ff6600;\"><a style=\"color: #ff6600;\" href=\"https:\/\/fmiptc.us14.list-manage.com\/subscribe?u=1584fc21cc84e7e4a73674957&amp;id=268c73ccf6\" target=\"_blank\" rel=\"noreferrer noopener\">S&rsquo;inscrire \u00e0 la newsletter<\/a><\/strong><\/p>\n<\/div>\n<\/div>\n<p><!-- \/wp:paragraph --><\/p>\n<p><!-- wp:image {\"id\":674,\"width\":187,\"height\":149,\"sizeSlug\":\"full\",\"linkDestination\":\"none\"} --><\/p>\n<figure>\n<p><a style=\"font-size: 1rem;\" href=\"https:\/\/www.fmiptc.com\/index.php?option=com_content&amp;view=article&amp;id=72&amp;Itemid=153\/jrn66.pdf\"><img loading=\"lazy\" decoding=\"async\" class=\"\" src=\"https:\/\/www.fmiptc.com\/images\/logos\/logo.jpg\" alt=\"\" width=\"68\" height=\"64\" \/><\/a><br \/>Pour certains menus, il vous faut avoir <br \/>l<a style=\"background-color: #ffffff;\" href=\"https:\/\/www.fmiptc.com\/?page_id=236\">es codes de votre association<\/a><br \/><a style=\"background-color: #ffffff;\" href=\"https:\/\/www.fmiptc.com\/?page_id=236\">\u00e0 jour de ses cotisations<\/a><\/p>\n<\/figure>\n<p><!-- \/wp:paragraph --><\/p>\n<p><!-- wp:paragraph --><\/p>\n<p>renseignez vous aupr\u00e8s de votre bureau<\/p>\n<\/div>\n<\/div>\n<div>\n<div>\n<p><!-- \/wp:paragraph --><\/p>\n<\/div>\n<p><!-- \/wp:column --><\/p>\n<\/div>\n<p><!-- \/wp:columns --><\/p>\n<p><!-- wp:buttons --><\/p>\n<div><!-- wp:button \/--><\/div>\n<p><!-- \/wp:buttons --><\/p>\n<p><!-- wp:paragraph --><\/p>\n<p><!-- \/wp:paragraph --><\/p>\t\t\t\t\t\t<\/div>\n\t\t\t\t<\/div>\n\t\t\t\t\t<\/div>\n\t\t<\/div>\n\t\t\t\t<div class=\"elementor-column elementor-col-50 elementor-inner-column elementor-element elementor-element-72e05e3\" data-id=\"72e05e3\" data-element_type=\"column\">\n\t\t\t<div class=\"elementor-widget-wrap elementor-element-populated\">\n\t\t\t\t\t\t\t\t<div class=\"elementor-element elementor-element-0685c87 elementor-widget__width-initial elementor-widget elementor-widget-text-editor\" data-id=\"0685c87\" data-element_type=\"widget\" data-widget_type=\"text-editor.default\">\n\t\t\t\t<div class=\"elementor-widget-container\">\n\t\t\t\t\t\t\t<h2 style=\"padding-top: 1.5em; color: #c01a1a; text-align: center;\">Stages \u00e0 venir<\/h2>\n<h2><strong><a href=\"https:\/\/www.fmiptc.com\/?page_id=1914\">Stage p\u00e9dagogique<\/a><\/strong><br \/><strong><a href=\"https:\/\/www.fmiptc.com\/?page_id=1914\">5 et 6 septembre<\/a><br \/>2026<\/strong><\/h2>\n<h3 style=\"color: #c01a1a; text-align: center;\"><b><a href=\"https:\/\/www.fmiptc.com\/?page_id=117\">Dates EFPM<\/a><br \/><\/b><span style=\"font-size: 1.875rem;\"><b>2025\/2026<\/b><br \/><\/span><\/h3>\n<h6><span style=\"font-weight: normal;\">Les stages EFPM\u00a0\u00e0 Clermont\u00a0<br \/>d\u00e9butent \u00e0 9H\u00a0<\/span><\/h6>\n<h1 style=\"color: #c01a1a; text-align: center;\"><span style=\"font-size: 1.875rem;\">\u00a0<\/span><strong style=\"color: #767676; font-size: 0.8125rem; letter-spacing: 0.15em; text-transform: uppercase;\"><span style=\"color: #000080;\">Les infos des Assos de la f\u00e9d\u00e9<\/span><\/strong><\/h1>\n<div>\u00a0<\/div>\n<div><span style=\"color: #000080;\">PROGRAMME M\u00e9ditation Pleine Conscience Auvergne MPCA en ligne ! sur <br \/><span style=\"text-decoration: underline;\">Vie Associative\/Infos assos<\/span><\/span><\/div>\n<div>\n<h1 style=\"color: #c01a1a; text-align: center;\">\u00a0<\/h1>\n<\/div>\n<div>\n<h5 style=\"color: #c01a1a; text-align: center;\"><strong>Nouveau<br \/><\/strong><strong>Journal 87<br \/>septembre\u00a0 2025<\/strong><\/h5>\n<p>t\u00e9l\u00e9charger\u00a0 en cliquant sur l&rsquo;image.\u00a0<em>tous les autres journaux<br \/>sont accessibles par le cloud<\/em><\/p>\n<\/div>\t\t\t\t\t\t<\/div>\n\t\t\t\t<\/div>\n\t\t\t\t<div class=\"elementor-element elementor-element-7e11f9b elementor-widget elementor-widget-image\" data-id=\"7e11f9b\" data-element_type=\"widget\" data-widget_type=\"image.default\">\n\t\t\t\t<div class=\"elementor-widget-container\">\n\t\t\t<style>\/*! elementor - v3.14.0 - 26-06-2023 *\/\n.elementor-widget-image{text-align:center}.elementor-widget-image a{display:inline-block}.elementor-widget-image a img[src$=\".svg\"]{width:48px}.elementor-widget-image img{vertical-align:middle;display:inline-block}<\/style>\t\t\t\t\t\t\t\t\t\t\t\t\t<a href=\"\/images\/jrn\/jrn87.pdf\" target=\"_blank\">\n\t\t\t\t\t\t\t<img loading=\"lazy\" decoding=\"async\" width=\"214\" height=\"300\" src=\"https:\/\/www.fmiptc.com\/wp-content\/uploads\/2025\/09\/j87-214x300.jpg\" class=\"attachment-medium size-medium wp-image-2485\" alt=\"\" srcset=\"https:\/\/www.fmiptc.com\/wp-content\/uploads\/2025\/09\/j87-214x300.jpg 214w, https:\/\/www.fmiptc.com\/wp-content\/uploads\/2025\/09\/j87.jpg 654w\" sizes=\"auto, 100vw\" \/>\t\t\t\t\t\t\t\t<\/a>\n\t\t\t\t\t\t\t\t\t\t\t\t\t\t\t<\/div>\n\t\t\t\t<\/div>\n\t\t\t\t<div class=\"elementor-element elementor-element-f8bc934 elementor-widget elementor-widget-image\" data-id=\"f8bc934\" data-element_type=\"widget\" data-widget_type=\"image.default\">\n\t\t\t\t<div class=\"elementor-widget-container\">\n\t\t\t\t\t\t\t\t\t\t\t\t\t\t\t\t<a href=\"\/images\/jrn\/jrn86.pdf\">\n\t\t\t\t\t\t\t<img decoding=\"async\" src=\"https:\/\/www.fmiptc.com\/wp-content\/uploads\/2024\/04\/j85.jpg\" title=\"\" alt=\"\" loading=\"lazy\" \/>\t\t\t\t\t\t\t\t<\/a>\n\t\t\t\t\t\t\t\t\t\t\t\t\t\t\t<\/div>\n\t\t\t\t<\/div>\n\t\t\t\t\t<\/div>\n\t\t<\/div>\n\t\t\t\t\t\t\t<\/div>\n\t\t<\/section>\n\t\t\t\t\t<\/div>\n\t\t<\/div>\n\t\t\t\t\t\t\t<\/div>\n\t\t<\/section>\n\t\t\t\t<section class=\"elementor-section elementor-top-section elementor-element elementor-element-1666adc elementor-section-boxed elementor-section-height-default elementor-section-height-default\" data-id=\"1666adc\" data-element_type=\"section\">\n\t\t\t\t\t\t<div class=\"elementor-container elementor-column-gap-default\">\n\t\t\t\t\t<div class=\"elementor-column elementor-col-50 elementor-top-column elementor-element elementor-element-2b2d259\" data-id=\"2b2d259\" data-element_type=\"column\">\n\t\t\t<div class=\"elementor-widget-wrap elementor-element-populated\">\n\t\t\t\t\t\t\t\t<div class=\"elementor-element elementor-element-c3d2d83 elementor-widget__width-initial elementor-widget elementor-widget-text-editor\" data-id=\"c3d2d83\" data-element_type=\"widget\" data-widget_type=\"text-editor.default\">\n\t\t\t\t<div class=\"elementor-widget-container\">\n\t\t\t\t\t\t\t<h4>\u00a0<b style=\"color: #666666; font-size: 1.625rem; background-color: transparent;\">Assembl\u00e9es g\u00e9n\u00e9rales 2025:<br \/><\/b><span style=\"color: #333333; font-size: 1.125rem; font-weight: 800;\">\u00a0Samedi 24 janvier 2026<br \/><\/span><span style=\"color: #333333; font-size: 1.125rem; font-weight: 800;\">5 bis rue Henri Barbusse &#8211; Clermont Ferrand<\/span><\/h4>\n<div>FMIPTC 17h &#8211; EFPM 18h\u00a0<br \/><a href=\"https:\/\/www.fmiptc.com\/wp-content\/uploads\/2025\/10\/Procuration-25.pdf\">t\u00e9l\u00e9charger la procuration<\/a><\/div>\t\t\t\t\t\t<\/div>\n\t\t\t\t<\/div>\n\t\t\t\t\t<\/div>\n\t\t<\/div>\n\t\t\t\t<div class=\"elementor-column elementor-col-50 elementor-top-column elementor-element elementor-element-fa386c8\" data-id=\"fa386c8\" data-element_type=\"column\">\n\t\t\t<div class=\"elementor-widget-wrap elementor-element-populated\">\n\t\t\t\t\t\t\t\t<div class=\"elementor-element elementor-element-1db7b72 elementor-widget__width-initial elementor-widget elementor-widget-text-editor\" data-id=\"1db7b72\" data-element_type=\"widget\" data-widget_type=\"text-editor.default\">\n\t\t\t\t<div class=\"elementor-widget-container\">\n\t\t\t\t\t\t\t<h4><i>Prochains\u00a0<\/i><b style=\"color: #666666; font-size: 1.625rem; background-color: transparent;\">Stages r\u00e9gionaux<\/b><span style=\"color: #333333; font-size: 1.125rem; font-weight: 800;\">\u00a0<br \/><\/span><span style=\"background-color: transparent; font-size: 1.125rem;\">Aquitaine :22 &#8211; 23 novembre 2025\u00a0 <br \/><\/span><span style=\"background-color: transparent; font-size: 1.125rem; font-weight: normal;\"><i>mf_lalanne@yahoo.fr<\/i><\/span><span style=\"font-size: 1.125rem; background-color: transparent;\"><br \/><\/span><span style=\"background-color: transparent; font-size: 1.125rem;\"><b>Auvergne : 28 &#8211; 29 mars 2026<\/b><br \/><\/span><i style=\"background-color: transparent; font-size: 1.125rem; color: #790909; font-weight: 400;\">lefaure-bp@orange.fr<\/i><\/h4>\t\t\t\t\t\t<\/div>\n\t\t\t\t<\/div>\n\t\t\t\t\t<\/div>\n\t\t<\/div>\n\t\t\t\t\t\t\t<\/div>\n\t\t<\/section>\n\t\t\t\t\t\t\t<\/div>\n\t\t","protected":false},"excerpt":{"rendered":"<p>Bienvenue \u00e0 la FM.I.P.T.C ! F\u00e9d\u00e9ration des Mouvements Ind\u00e9pendantsde P\u00e9dagogie des Techniques corporelles Notre f\u00e9d\u00e9ration r\u00e9unit autourd&rsquo;une charte et d&rsquo;un enseignementun grand nombre d&rsquo;associationspratiquant le Tai Chi Chuan et d&rsquo;autres approches comme chemin de recherche personnelle et de bien \u00eatre. Notre originalit\u00e9 est dans :l&rsquo;attention particuli\u00e8re port\u00e9e \u00e0 la p\u00e9dagogie et au sens de l&rsquo;enseignement:anatomie, &hellip; <\/p>\n<p class=\"link-more\"><a href=\"https:\/\/www.fmiptc.com\/\" class=\"more-link\">Continuer la lecture<span class=\"screen-reader-text\"> de &laquo;&nbsp;Accueil&nbsp;&raquo;<\/span><\/a><\/p>\n","protected":false},"author":1,"featured_media":0,"parent":0,"menu_order":0,"comment_status":"closed","ping_status":"closed","template":"","meta":{"footnotes":""},"class_list":["post-86","page","type-page","status-publish","hentry"],"_links":{"self":[{"href":"https:\/\/www.fmiptc.com\/index.php?rest_route=\/wp\/v2\/pages\/86","targetHints":{"allow":["GET"]}}],"collection":[{"href":"https:\/\/www.fmiptc.com\/index.php?rest_route=\/wp\/v2\/pages"}],"about":[{"href":"https:\/\/www.fmiptc.com\/index.php?rest_route=\/wp\/v2\/types\/page"}],"author":[{"embeddable":true,"href":"https:\/\/www.fmiptc.com\/index.php?rest_route=\/wp\/v2\/users\/1"}],"replies":[{"embeddable":true,"href":"https:\/\/www.fmiptc.com\/index.php?rest_route=%2Fwp%2Fv2%2Fcomments&post=86"}],"version-history":[{"count":484,"href":"https:\/\/www.fmiptc.com\/index.php?rest_route=\/wp\/v2\/pages\/86\/revisions"}],"predecessor-version":[{"id":2667,"href":"https:\/\/www.fmiptc.com\/index.php?rest_route=\/wp\/v2\/pages\/86\/revisions\/2667"}],"wp:attachment":[{"href":"https:\/\/www.fmiptc.com\/index.php?rest_route=%2Fwp%2Fv2%2Fmedia&parent=86"}],"curies":[{"name":"wp","href":"https:\/\/api.w.org\/{rel}","templated":true}]}}