{"id":92,"date":"2021-06-20T12:31:31","date_gmt":"2021-06-20T10:31:31","guid":{"rendered":"https:\/\/www.fmiptc.com\/?page_id=92"},"modified":"2021-08-22T19:22:37","modified_gmt":"2021-08-22T17:22:37","slug":"fmiptc","status":"publish","type":"page","link":"https:\/\/www.fmiptc.com\/?page_id=92","title":{"rendered":"Fmiptc"},"content":{"rendered":"\n<h3 class=\"has-text-align-center wp-block-heading\"><strong>F\u00e9d\u00e9ration des Mouvements Ind\u00e9pendants <\/strong><br><strong>de P\u00e9dagogie des Techniques Corporelles<\/strong><\/h3>\n\n\n\n<p>Notre f\u00e9d\u00e9ration r\u00e9unit autour<br>d&rsquo;une <a href=\"https:\/\/www.fmiptc.com\/?page_id=56\"><strong>charte <\/strong><\/a>et d&rsquo;un enseignement<br>un <a href=\"https:\/\/www.fmiptc.com\/?page_id=111\">grand nombre d&rsquo;associations<\/a><br>pratiquant le <a href=\"https:\/\/www.fmiptc.com\/?page_id=95\"><strong>Tai Chi Chuan<\/strong><\/a> et d&rsquo;autres approches comme outil de transformation et de recherche personnelle et de bien \u00eatre.<\/p>\n\n\n\n<p>Notre originalit\u00e9 est dans:<\/p>\n\n\n\n<p>l&rsquo;attention particuli\u00e8re port\u00e9e \u00e0 la <strong><a href=\"https:\/\/www.fmiptc.com\/?page_id=101\">p\u00e9dagogie<\/a><\/strong><\/p>\n\n\n\n<p>et au sens de l&rsquo;enseignement:<br>anatomie, physiologie, \u00e9nerg\u00e9tique<\/p>\n\n\n\n<p>la douceur de l&rsquo;approche<\/p>\n\n\n\n<p>humanisme des apprentissages<\/p>\n\n\n\n<p>l&rsquo;objectif d&rsquo;autonomie et de d\u00e9veloppement des personnes.<\/p>\n\n\n\n<p>Nous vous invitons \u00e0 explorer<\/p>\n\n\n\n<p>nos pratiques et <a href=\"https:\/\/www.fmiptc.com\/?page_id=111\">nos cours<\/a><a href=\"https:\/\/www.fmiptc.com\/index.php?option=com_content&amp;view=article&amp;id=40&amp;Itemid=13\">.<\/a>..<\/p>\n\n\n\n<p><strong>Le <a href=\"https:\/\/www.fmiptc.com\/?page_id=95\">tai chi chuan<\/a> que nous pratiquons est celui de la forme Yang en 108 mouvements, dite style originel, avec toutes ses composantes,tui shou (pouss\u00e9es des mains, armes, souffle et c&#8230;) Chaque aspect, chaque mouvement est enseign\u00e9 dans tous ses aspects: <a href=\"https:\/\/www.fmiptc.com\/?page_id=96\">sens martial<\/a>, coh\u00e9rence osseuse et du souffle, rep\u00e8res n\u00e9cessaires \u00e0 une acquisition autonome<\/strong><\/p>\n\n\n\n<h3 class=\"wp-block-heading\"><strong><br>Nous proposons:<\/strong><\/h3>\n\n\n\n<h3 class=\"wp-block-heading\"><strong>&#8211; aux enseignants<\/strong><\/h3>\n\n\n\n<div class=\"wp-block-columns is-layout-flex wp-container-core-columns-is-layout-9d6595d7 wp-block-columns-is-layout-flex\">\n<div class=\"wp-block-column is-layout-flow wp-block-column-is-layout-flow\" style=\"flex-basis:80%\">\n<ul class=\"wp-block-list\"><li><strong>une <a href=\"https:\/\/www.fmiptc.com\/?page_id=102\">formation compl\u00e8te<\/a> \u00e0 la p\u00e9dagogie du mouvement leur permettant d&rsquo;aider leurs \u00e9l\u00e8ves et de les accompagner gr\u00e2ce \u00e0 une connaissance approfondies des n\u00e9cessit\u00e9s physiologiques, du fonctionnement corporel, de la lecture du mouvement dans toutes ses composantes.<\/strong><\/li><li><strong>une \u00e9quipe p\u00e9dagogique partageant son savoir et ses comp\u00e9tences sans secret ni jeux de pouvoir<\/strong><\/li><li><strong>des formations compl\u00e9mentaires \u00e0 la <a href=\"https:\/\/www.fmiptc.com\/?page_id=115\">p\u00e9dagogie des groupes<\/a><\/strong><\/li><\/ul>\n<\/div>\n\n\n\n<div class=\"wp-block-column is-layout-flow wp-block-column-is-layout-flow\" style=\"flex-basis:20%\">\n<div class=\"wp-block-image\"><figure class=\"aligncenter size-large is-resized\"><img loading=\"lazy\" decoding=\"async\" src=\"https:\/\/www.fmiptc.com\/images\/pntch\/bmb3.gif\" alt=\"\" width=\"92\" height=\"202\"\/><\/figure><\/div>\n<\/div>\n<\/div>\n\n\n\n<h3 class=\"wp-block-heading\"><strong>&#8211; aux <a href=\"https:\/\/www.fmiptc.com\/?page_id=236\">associations adh\u00e9rentes:<\/a><\/strong><\/h3>\n\n\n\n<div class=\"wp-block-columns is-layout-flex wp-container-core-columns-is-layout-9d6595d7 wp-block-columns-is-layout-flex\">\n<div class=\"wp-block-column is-layout-flow wp-block-column-is-layout-flow\" style=\"flex-basis:80%\">\n<ul class=\"wp-block-list\"><li><strong>les assurances associatives (bureau &#8211; responsabilit\u00e9 civile des adh\u00e9rents, salles)<\/strong><\/li><li><strong>une aide \u00e0 la gestion ( programmes, formulaires types et d\u00e9marches &#8211; programme de gestion et compta)<\/strong><\/li><li><strong>divers services (fiscalit\u00e9, information diverses, documentation)<\/strong><\/li><li><strong>les affiches et documents de diffusion, dont le site et sa publicit\u00e9 de<a href=\"https:\/\/www.fmiptc.com\/?page_id=111\"> leurs cours<\/a><\/strong><\/li><li><strong>un suivi p\u00e9dagogique et des <a href=\"https:\/\/www.fmiptc.com\/?page_id=116\">stages r\u00e9gionaux<\/a> favorisant les rencontres entre groupes<\/strong><\/li><\/ul>\n<\/div>\n\n\n\n<div class=\"wp-block-column is-layout-flow wp-block-column-is-layout-flow\" style=\"flex-basis:20%\">\n<figure class=\"wp-block-image size-large\"><img decoding=\"async\" src=\"https:\/\/www.fmiptc.com\/images\/pntch\/pnt02.gif\" alt=\"\"\/><\/figure>\n<\/div>\n<\/div>\n\n\n\n<h3 class=\"wp-block-heading\"><strong>&#8211; aux adh\u00e9rents:<\/strong><\/h3>\n\n\n\n<div class=\"wp-block-columns is-layout-flex wp-container-core-columns-is-layout-9d6595d7 wp-block-columns-is-layout-flex\">\n<div class=\"wp-block-column is-layout-flow wp-block-column-is-layout-flow\" style=\"flex-basis:100%\">\n<div class=\"wp-block-columns is-layout-flex wp-container-core-columns-is-layout-9d6595d7 wp-block-columns-is-layout-flex\">\n<div class=\"wp-block-column is-layout-flow wp-block-column-is-layout-flow\" style=\"flex-basis:80%\">\n<ul class=\"wp-block-list\"><li><strong><a href=\"https:\/\/www.fmiptc.com\/?page_id=108\">Un journal<\/a> trimestriel<\/strong><\/li><li><strong>la certitude d&rsquo;une p\u00e9dagogie douce et d&rsquo;un cheminement coh\u00e9rent<\/strong><\/li><li><strong>la dynamique du lien par le site o\u00f9 chacun peut y <a href=\"https:\/\/www.fmiptc.com\/?page_id=279\">proposer un article..<\/a>.<\/strong><\/li><li><strong>le lien avec <a href=\"https:\/\/www.fmiptc.com\/?page_id=111\">un groupe<\/a> permettant une progression vers des objectifs connus<\/strong><\/li><li><strong>une <a href=\"https:\/\/www.fmiptc.com\/?page_id=236\">cotisation<\/a> que nous souhaitons minimale pour le maximum de services<\/strong><\/li><\/ul>\n<\/div>\n\n\n\n<div class=\"wp-block-column is-layout-flow wp-block-column-is-layout-flow\" style=\"flex-basis:20%\">\n<figure class=\"wp-block-image\"><a href=\"https:\/\/www.fmiptc.com\/index.php?option=com_content&amp;view=article&amp;id=59&amp;Itemid=130\"><img decoding=\"async\" src=\"https:\/\/www.fmiptc.com\/images\/liv\/tc%20form.jpg\" alt=\"\"\/><\/a><\/figure>\n<\/div>\n<\/div>\n<\/div>\n<\/div>\n","protected":false},"excerpt":{"rendered":"<p>F\u00e9d\u00e9ration des Mouvements Ind\u00e9pendants de P\u00e9dagogie des Techniques Corporelles Notre f\u00e9d\u00e9ration r\u00e9unit autourd&rsquo;une charte et d&rsquo;un enseignementun grand nombre d&rsquo;associationspratiquant le Tai Chi Chuan et d&rsquo;autres approches comme outil de transformation et de recherche personnelle et de bien \u00eatre. Notre originalit\u00e9 est dans: l&rsquo;attention particuli\u00e8re port\u00e9e \u00e0 la p\u00e9dagogie et au sens de l&rsquo;enseignement:anatomie, physiologie, &hellip; <\/p>\n<p class=\"link-more\"><a href=\"https:\/\/www.fmiptc.com\/?page_id=92\" class=\"more-link\">Continuer la lecture<span class=\"screen-reader-text\"> de &laquo;&nbsp;Fmiptc&nbsp;&raquo;<\/span><\/a><\/p>\n","protected":false},"author":1,"featured_media":0,"parent":0,"menu_order":0,"comment_status":"closed","ping_status":"closed","template":"","meta":{"footnotes":""},"class_list":["post-92","page","type-page","status-publish","hentry"],"_links":{"self":[{"href":"https:\/\/www.fmiptc.com\/index.php?rest_route=\/wp\/v2\/pages\/92","targetHints":{"allow":["GET"]}}],"collection":[{"href":"https:\/\/www.fmiptc.com\/index.php?rest_route=\/wp\/v2\/pages"}],"about":[{"href":"https:\/\/www.fmiptc.com\/index.php?rest_route=\/wp\/v2\/types\/page"}],"author":[{"embeddable":true,"href":"https:\/\/www.fmiptc.com\/index.php?rest_route=\/wp\/v2\/users\/1"}],"replies":[{"embeddable":true,"href":"https:\/\/www.fmiptc.com\/index.php?rest_route=%2Fwp%2Fv2%2Fcomments&post=92"}],"version-history":[{"count":7,"href":"https:\/\/www.fmiptc.com\/index.php?rest_route=\/wp\/v2\/pages\/92\/revisions"}],"predecessor-version":[{"id":601,"href":"https:\/\/www.fmiptc.com\/index.php?rest_route=\/wp\/v2\/pages\/92\/revisions\/601"}],"wp:attachment":[{"href":"https:\/\/www.fmiptc.com\/index.php?rest_route=%2Fwp%2Fv2%2Fmedia&parent=92"}],"curies":[{"name":"wp","href":"https:\/\/api.w.org\/{rel}","templated":true}]}}