{"id":97,"date":"2021-06-20T12:31:31","date_gmt":"2021-06-20T10:31:31","guid":{"rendered":"https:\/\/www.fmiptc.com\/?page_id=97"},"modified":"2021-07-31T18:27:33","modified_gmt":"2021-07-31T16:27:33","slug":"interne-externe","status":"publish","type":"page","link":"https:\/\/www.fmiptc.com\/?page_id=97","title":{"rendered":"Interne\/externe"},"content":{"rendered":"\n<h1 class=\"has-text-align-center wp-block-heading\">Interne \/ externe<\/h1>\n\n\n\n<h3 class=\"has-text-align-center wp-block-heading\">20000 lieues sous les mers ou le monde du silence<\/h3>\n\n\n\n<div class=\"wp-block-image\"><figure class=\"aligncenter\"><img decoding=\"async\" src=\"https:\/\/www.fmiptc.com\/images\/pntch\/chpt1.jpg\" alt=\"\"\/><\/figure><\/div>\n\n\n\n<p><em>Dans la jungle des publicit\u00e9s et dans les conflits inutiles entre \u00e9coles, les termes d&rsquo;externe et d&rsquo;interne sont des arguments massue, sens\u00e9s renvoyer l&rsquo;autre \u00e0 ses exercices et clore une discussion en le rangeant dans les excessifs ou dans l&rsquo;ignorance de d&rsquo;imperceptible&#8230; La d\u00e9finition de ces mots reste d&rsquo;autant lu floue dans ce contexte que donner des pr\u00e9cisions risquerait de se faire confronter au r\u00e9el et obligerait \u00e0 une coh\u00e9rence que tous n&rsquo;ont pas. Les braves orientaux nous laissent souvent dans nos croyances, autant par bont\u00e9 d&rsquo;\u00e2me (ne pas d\u00e9plaire) que par int\u00e9r\u00eat (il n&rsquo;est pas sur que tous sachent aussi d\u00e9finir ce qu&rsquo;ils supputent &#8211; ne pas perdre la face)<\/em><\/p>\n\n\n\n<p>Loin d&rsquo;\u00eatre une discussion sans objet par les implications concr\u00e8tes induites par ces choix, il est int\u00e9ressant de r\u00e9fl\u00e9chir \u00e0 partir de ce sujet pour apprendre \u00e0 se situer dans l&rsquo;apprentissage et les actions, car selon l&rsquo;endroit ou est situ\u00e9 le sujet dans ses repr\u00e9sentations, les cons\u00e9quences pratiques pourront \u00eatre radicalement diff\u00e9rentes. Je ne pr\u00e9tends pas avoir les r\u00e9ponses, il y en a cent. En revanche je propose de d\u00e9finir au moins le sens dans lequel nous utilisons ces mots, \u00e9vitant ainsi une partie des confusions.<\/p>\n\n\n\n<h1 class=\"wp-block-heading\">pr\u00e9ciser les r\u00e9f\u00e9rences<\/h1>\n\n\n\n<div class=\"wp-block-columns is-layout-flex wp-container-core-columns-is-layout-9d6595d7 wp-block-columns-is-layout-flex\">\n<div class=\"wp-block-column is-layout-flow wp-block-column-is-layout-flow\" style=\"flex-basis:30%\">\n<figure class=\"wp-block-image is-resized\"><img loading=\"lazy\" decoding=\"async\" src=\"https:\/\/www.fmiptc.com\/images\/pntch\/chpt.jpg\" alt=\"\" width=\"192\" height=\"356\"\/><\/figure>\n<\/div>\n\n\n\n<div class=\"wp-block-column is-layout-flow wp-block-column-is-layout-flow\" style=\"flex-basis:70%\">\n<p>Comme tout mode de la pens\u00e9e (pass\u00e9e) chinoise, fonctionnant par banni\u00e8res yin\/yang, il importe avant tout de fixer le cadre, le deux ou se d\u00e9ploie le mouvement. Interne externe de quoi? Dans quelle r\u00e9f\u00e9rence nous situons nous?<br><br>Interne\/externe, nous ne parlons pas d&rsquo;un lieu &#8230; Nous ne parlons pas non plus d&rsquo;\u00e9tats: certaines actions\/activit\u00e9s seraient dehors \u00ab\u00a0externes\u00a0\u00bb d&rsquo;autres dedans \u00ab\u00a0internes\u00a0\u00bb? Point que cela soit impossible de le consid\u00e9rer ainsi, mais ce n&rsquo;est pas ainsi que cela se con\u00e7oit dans ce mode de pens\u00e9e, pas dans cette dynamique du regard sur le monde. Car nous sommes dans une dynamique, un mouvement yin\/yang, une relation, un regard sur le changement.<\/p>\n<\/div>\n<\/div>\n\n\n\n<p>Prenons un exemple au hasard bien s\u00fbr : la respiration.<br>Je fais entrer de l&rsquo;air dans ma poitrine et sortir (ouf). Est-ce une activit\u00e9 externe? Interne? Mauvaise question! Dans le cadre de ce mouvement de la respiration, comme pour tout au demeurant, les deux aspects sont l\u00e0, en m\u00eame temps.<br>D&rsquo;un certain point de vue, l&rsquo;air est la relation avec l&rsquo;ext\u00e9rieur, il entre et sort, c&rsquo;est plein de choses, oxyg\u00e8ne ing\u00e9r\u00e9 et gaz divers expuls\u00e9s, polluants introduits et d\u00e9chets expuls\u00e9s, bref une belle chimie visible \u00e0 l&rsquo;ext\u00e9rieur, dont on peut mesurer les \u00e9changes. Cette chimie int\u00e9rieur\/ext\u00e9rieure est loin d&rsquo;\u00eatre \u00e9trang\u00e8re \u00e0 ce qui va se passer au dedans, elle en est l&rsquo;un des reflets pas la respiration ne s&rsquo;y r\u00e9duit pas&#8230;<\/p>\n\n\n\n<p>En \u00e9cho \u00e0 ces mouvements ext\u00e9rieurs, la qualit\u00e9 des \u00e9changes va varier consid\u00e9rablement en fonction des cons\u00e9quence s que cette m\u00e9canique va pouvoir ou ne pas pouvoir induire \u00e0 l&rsquo;int\u00e9rieur. Si ma circulation se fait mal, les gaz \u00e9chang\u00e9s ne circuleront pas facilement vers les lieux de besoin. Si mes mouvements, ma structure osseuse, g\u00eanent la dilatation et la conduction, si mes tensions musculaires \u00e0 la fois limitent l&rsquo;expansion et consomment de l&rsquo;\u00e9nergie, ma capacit\u00e9 \u00e0 respirer et a conduire le mouvement le long de ma structure en sera affect\u00e9e: cette partie interne de la respiration est moins facilement mesurable dans l&rsquo;instant encore que r\u00e9ellement perceptible et a terme fondamentale. On voit bien ici que quel que soit le bilan a\u00e9rien fait (respiration externe) les cons\u00e9quences sur la personne (physiologie, \u00e9nerg\u00e9tique psychologie) seront fort diff\u00e9rentes (respiration interne).<\/p>\n\n\n\n<p>Quand nous faisons des affinements de cette perception du souffle dans le mouvement, nous \u00e9valuons en m\u00eame temps un certain aspect de la quantit\u00e9 absorb\u00e9e mais aussi du confort et de la compl\u00e9tude induite, nous ne faisons pas en soi, quelque chose d&rsquo;externe ou d&rsquo;interne: les deux sont \u00e9valuations (externe et interne) sont pr\u00e9sentes en m\u00eame temps. Alors \u00e0 quoi cela sert-il?<\/p>\n\n\n\n<p>C&rsquo;est ici qu&rsquo;intervient le positionnement. Si je per\u00e7ois une g\u00eane, une insuffisance, un manque, et que je souhaite agir (ou non agir) dessus, changer quelque chose \u00e0 ce mouvement, l\u00e0 se posent \u00e0 moi plusieurs options et les technique correspondantes font le plus souvent des choix prioritaires.<\/p>\n\n\n\n<h1 class=\"wp-block-heading\">une attitude plus qu&rsquo;une action<\/h1>\n\n\n\n<p>Je puis augmenter le rythme respiratoire, faire plus de respirations, dilater au maximum, m&rsquo;entrainer \u00e0 une technique respiratoire que l&rsquo;on m&rsquo;enseigne plus abdominale (?) ou moins selon le professant, aller respirer \u00e0 la montagne ou au bord de la mer; je peux aussi m&rsquo;habituer \u00e0 en faire plus avec moins d&rsquo;air, mieux \u00ab\u00a0r\u00e9sister\u00a0\u00bb souffrir pour durer (endurer l&rsquo;endurance) : rien n&rsquo;est faux, mais l&rsquo;attention n&rsquo;est pas apport\u00e9e \u00e0 accueillir les cons\u00e9quences de la p\u00e9n\u00e9tration de l&rsquo;air, mais \u00e0 la qualit\u00e9 ou \u00e0 la quantit\u00e9 ext\u00e9rieure de l&rsquo;air ing\u00e9r\u00e9. Ce sont des techniques d&rsquo;am\u00e9lioration dites externes. Elles sont centr\u00e9es sur le r\u00e9sultat dans l&rsquo;action, l&rsquo;effort et sa r\u00e9p\u00e9tition, l&rsquo;entrainement quantitatif. Pourquoi pas? Elles ont leur art d&rsquo;efficacit\u00e9 certaine, le rapidit\u00e9 de mise en oeuvre.<\/p>\n\n\n\n<div class=\"wp-block-columns is-layout-flex wp-container-core-columns-is-layout-9d6595d7 wp-block-columns-is-layout-flex\">\n<div class=\"wp-block-column is-layout-flow wp-block-column-is-layout-flow\" style=\"flex-basis:30%\">\n<h3 class=\"wp-block-heading\" id=\"block-53b09e9f-35f3-46d7-8499-5305350ec632\"><img loading=\"lazy\" decoding=\"async\" src=\"https:\/\/www.fmiptc.com\/images\/pntch\/chpe.jpg\" width=\"284\" height=\"597\"><\/h3>\n<\/div>\n\n\n\n<div class=\"wp-block-column is-layout-flow wp-block-column-is-layout-flow\" style=\"flex-basis:70%\">\n<p>Je puis aussi consid\u00e9rer que les chemins int\u00e9rieurs appris par mim\u00e9tisme ou n\u00e9cessit\u00e9 sont des habitudes inconscientes peu optimis\u00e9es, que les appuis osseux que j&rsquo;utilise pour respirer sont devenus inad\u00e9quats avec le temps et avec l&rsquo;histoire, que les muscles agissent selon des ordres plus ou moins contradictoires (\u00ab\u00a0faire plus pour respirer plus\u00a0\u00bb, mais s&rsquo;efforcer dese d\u00e9tendre pour \u00eatre plus d\u00e9tendu\u00a0\u00bb) ou incoh\u00e9rents (tirer et respirer) qui les inhibent autant qui les stimulent, que la fa\u00e7on dont je me repr\u00e9sente un mouvement n&rsquo;est pas forc\u00e9ment la plus \u00e9conomique et que je ne prends donc pas les moyens int\u00e9rieurs optimaux pour le r\u00e9aliser&#8230; <\/p>\n<\/div>\n<\/div>\n\n\n\n<p>Observer que quand je r\u00e9alise telle action, sens\u00e9e par ailleurs et normalement r\u00e9aliste, je ne me fais pas du bien, je fais des efforts d\u00e9mesur\u00e9s (ici encore il y a doute puisque \u00ab\u00a0si tout le monde le fait\u00a0\u00bb pourquoi ferais-je mieux autrement?)&nbsp; Bref, je puis aussi consid\u00e9rer l&rsquo;action et sa respiration de fa\u00e7on \u00e9cologique, en termes de d\u00e9veloppement durable de moi-m\u00eame. Commencer par percevoir mon \u00e9cologie int\u00e9rieure, mes n\u00e9cessit\u00e9s et ce que j&rsquo;en fais et apprendre de nouveaux chemins, de nouveaux appuis, de nouvelles repr\u00e9sentations pour obtenir \u00ab\u00a0le m\u00eame\u00a0\u00bb r\u00e9sultat, mais dans une \u00e9conomie de moi-m\u00eame plus satisfaisante! Mais l\u00e0, si l&rsquo;autre peut me guider, il ne peut rien m&rsquo;apprendre: je suis le seul \u00e0 savoir comment je fais au dedans, comment cela se passe, si je refais la m\u00eame chose ou si j&rsquo;ouvre des chemin et lesquels. L&rsquo;autre, ext\u00e9rieur peut \u00e9valuer une diff\u00e9rence dans la qualit\u00e9 du r\u00e9sultat (un autre chi) mais rarement connaitre les chemins que j&rsquo;ai pris, chemins relatifs \u00e0 mon intimit\u00e9 et ma perception. L\u00e0, mon int\u00e9rieur me dit quelque soit ce que j&rsquo;\u00e9nonce \u00e0 l&rsquo;autre, si cela lui est plus \u00e9cologique ou non&#8230;. C&rsquo;est une attitude centr\u00e9e sur les moyens et les co\u00fbts&#8230; L&rsquo;attention \u00e0 soi pour l&rsquo;action efficace&#8230; Il ne s&rsquo;agit plus de pousser le moteur, de mettre un carburant plus performant, de mieux ruser pour doubler, mais de r\u00e9organiser les pi\u00e8ces du moteur parfois mont\u00e9es \u00e0 la va vite pour adapter ses performances \u00e0 chaque type de voyage dans un objectif de conduite agr\u00e9able. Ce n&rsquo;est ni oppos\u00e9, ni contradictoire avec l&rsquo;attitude pr\u00e9c\u00e9dente, mais compl\u00e9mentaire. C&rsquo;est plus lent, moins habituel, n\u00e9cessite plus de concentration, d&rsquo;attention \u00e0 des perceptions dont nous avons souvent oubli\u00e9 l&rsquo;existence.&nbsp;<\/p>\n\n\n\n<p>Le cheminement externe\/interne dans ce mode est donc un \u00e9quilibre du regard entre les deux aspects et un choix de celui qui est privil\u00e9gi\u00e9, selon les circonstances parfois mais ou la pression de l&rsquo;image de soi ou l&rsquo;ext\u00e9rieur en termes d&rsquo;urgence et de r\u00e9sultats fait rarement pencher la balance du c\u00f4t\u00e9 de la libert\u00e9 et du bien \u00eatre. Pourquoi ces deux mots?<\/p>\n","protected":false},"excerpt":{"rendered":"<p>Interne \/ externe 20000 lieues sous les mers ou le monde du silence Dans la jungle des publicit\u00e9s et dans les conflits inutiles entre \u00e9coles, les termes d&rsquo;externe et d&rsquo;interne sont des arguments massue, sens\u00e9s renvoyer l&rsquo;autre \u00e0 ses exercices et clore une discussion en le rangeant dans les excessifs ou dans l&rsquo;ignorance de d&rsquo;imperceptible&#8230; &hellip; <\/p>\n<p class=\"link-more\"><a href=\"https:\/\/www.fmiptc.com\/?page_id=97\" class=\"more-link\">Continuer la lecture<span class=\"screen-reader-text\"> de &laquo;&nbsp;Interne\/externe&nbsp;&raquo;<\/span><\/a><\/p>\n","protected":false},"author":1,"featured_media":0,"parent":0,"menu_order":0,"comment_status":"closed","ping_status":"closed","template":"","meta":{"footnotes":""},"class_list":["post-97","page","type-page","status-publish","hentry"],"_links":{"self":[{"href":"https:\/\/www.fmiptc.com\/index.php?rest_route=\/wp\/v2\/pages\/97","targetHints":{"allow":["GET"]}}],"collection":[{"href":"https:\/\/www.fmiptc.com\/index.php?rest_route=\/wp\/v2\/pages"}],"about":[{"href":"https:\/\/www.fmiptc.com\/index.php?rest_route=\/wp\/v2\/types\/page"}],"author":[{"embeddable":true,"href":"https:\/\/www.fmiptc.com\/index.php?rest_route=\/wp\/v2\/users\/1"}],"replies":[{"embeddable":true,"href":"https:\/\/www.fmiptc.com\/index.php?rest_route=%2Fwp%2Fv2%2Fcomments&post=97"}],"version-history":[{"count":10,"href":"https:\/\/www.fmiptc.com\/index.php?rest_route=\/wp\/v2\/pages\/97\/revisions"}],"predecessor-version":[{"id":503,"href":"https:\/\/www.fmiptc.com\/index.php?rest_route=\/wp\/v2\/pages\/97\/revisions\/503"}],"wp:attachment":[{"href":"https:\/\/www.fmiptc.com\/index.php?rest_route=%2Fwp%2Fv2%2Fmedia&parent=97"}],"curies":[{"name":"wp","href":"https:\/\/api.w.org\/{rel}","templated":true}]}}